000
CDAK48 PABE 070006
CLIBET

CLIMATE REPORT
NATIONAL WEATHER SERVICE BETHEL, AK
406 PM AKDT WED MAY 6 2015

...................................
...THE BETHEL AP CLIMATE SUMMARY FOR MAY 6 2015...
VALID TODAY AS OF 2:00 PM LOCAL TIME

CLIMATE NORMAL PERIOD  1981 TO  2015
CLIMATE RECORD PERIOD  1923 TO  2015

WEATHER ITEM   OBSERVED TIME    RECORD YEAR NORMAL DEPARTURE LAST
               VALUE    (LST)   VALUE       VALUE  FROM      YEAR
                                                   NORMAL
...................................................................
TEMPERATURE
TODAY
 MAXIMUM            56  0154 PM    61  1940     46      10     46
 MINIMUM            36  0629 AM     0  1949     30       6     25
 AVERAGE            46                          38       8     36

PRECIPITATION
(INCHES)
 TODAY            0.00           0.19  1988   0.04   -0.04   0.00
 MONTH TO DATE    0.11                        0.20   -0.09   0.01
 SINCE MAR 1      1.67                        1.65    0.02   0.83
 SINCE JAN 1      2.71                        3.15   -0.44   2.41

SNOWFALL
(INCHES)
 TODAY             0.0            0.8  1965    0.1    -0.1    0.0
 MONTH TO DATE       T                         0.6    -0.6    0.0
 SINCE MAR 1      16.6                        14.5     2.1    5.7
 SINCE JUL 1      42.1                        60.3   -18.2   27.8
 SNOW DEPTH (IN)     0                                          0

DEGREE DAYS
 HEATING
  TODAY             19                          27      -8     29
  MONTH TO DATE    138                         169     -31    146
  SINCE MAR 1     2542                        2855    -313   2691
  SINCE JUL 1    10317                       11601   -1284  10166

 COOLING
  TODAY              0                           0       0      0
  MONTH TO DATE      0                           0       0      0
  SINCE MAR 1        0                           0       0      0
  SINCE JAN 1        0                           0       0      0
...................................................................

WIND (MPH)
 HIGHEST WIND SPEED    14     HIGHEST WIND DIRECTION     70
 HIGHEST GUST SPEED    17     HIGHEST GUST DIRECTION     70
 AVERAGE WIND SPEED    MM

SKY COVER
  POSSIBLE SUNSHINE  MM            AVERAGE SKY COVER MM

WEATHER CONDITIONS
 THE FOLLOWING WEATHER WAS RECORDED TODAY.
NO SIGNIFICANT WEATHER WAS OBSERVED.

RELATIVE HUMIDITY
 HIGHEST RH     MM PERCENT       MM
 LOWEST  RH     MM PERCENT       MM
 AVERAGE RH     MM PERCENT       MM
...................................................................

THE BETHEL CLIMATE NORMALS FOR TOMORROW
                        NORMAL    RECORD   YEAR
 MAXIMUM TEMPERATURE      47        63     1981
 MINIMUM TEMPERATURE      30         6     1952

SUNRISE AND SUNSET
 MAY 6 2015..........SUNRISE  6:28 AM      SUNSET 11:03 PM
 MAY 7 2015..........SUNRISE  6:25 AM      SUNSET 11:06 PM

-  INDICATES NEGATIVE NUMBERS.
R  INDICATES RECORD HAS BEEN SET OR TIED.
MM INDICATES DATA IS MISSING.
T  INDICATES TRACE OF PRECIPITATION.

&&
-------------------------------------------------------------------

AMOUNT OF DAYLIGHT TODAY  (HOUR:MIN)........16 HOURS 35 MINUTES
GAIN/LOSS SINCE YESTERDAY (HOUR:MIN:SEC)....+0:05:18

$$
RD MAY 15
