000
CDUS45 KCYS 070727
CLIBFF


CLIMATE REPORT
NATIONAL WEATHER SERVICE CHEYENNE WY
127 AM MDT THU MAY 7 2015


...................................

...THE SCOTTSBLUFF NE AIRPORT CLIMATE SUMMARY FOR MAY 6 2015...

CLIMATE NORMAL PERIOD 1981 TO 2010
CLIMATE RECORD PERIOD 1871 TO 2015


WEATHER ITEM   OBSERVED TIME   RECORD YEAR NORMAL DEPARTURE LAST
                VALUE   (LST)  VALUE       VALUE  FROM      YEAR
                                                  NORMAL
..................................................................
TEMPERATURE (F)
 YESTERDAY
  MAXIMUM         63   1203 PM  91    1966  69     -6       73
  MINIMUM         48   1159 PM  16    1898  39      9       41
  AVERAGE         56                        54      2       57

PRECIPITATION (IN)
  YESTERDAY        0.29          0.81 1932   0.06   0.23     0.11
                                      1911
  MONTH TO DATE    0.43                      0.39   0.04     0.11
  SINCE JAN 1      4.64                      4.23   0.41     3.18

SNOWFALL (IN)
  YESTERDAY       MM             3.0  1978   0.0   MM        0.0
  MONTH TO DATE    0.0                       0.2   -0.2      0.0
  SINCE JUL 1     43.7                      41.8    1.9     61.5
  SNOW DEPTH       0

DEGREE DAYS
 HEATING
  YESTERDAY        9                        12     -3        8
  MONTH TO DATE   41                        75    -34       54
  SINCE MAR 1   1130                      1456   -326     1381
  SINCE JUL 1   5845                      6368   -523     6414

 COOLING
  YESTERDAY        0                         0      0        0
  MONTH TO DATE    0                         0      0        0
  SINCE MAR 1      0                         2     -2        0
  SINCE JAN 1      0                         2     -2        0
..................................................................


WIND (MPH)
  HIGHEST WIND SPEED    24   HIGHEST WIND DIRECTION    NW (310)
  HIGHEST GUST SPEED    31   HIGHEST GUST DIRECTION    NW (320)
  AVERAGE WIND SPEED    11.7


SKY COVER
  AVERAGE SKY COVER 1.0


WEATHER CONDITIONS
 THE FOLLOWING WEATHER WAS RECORDED YESTERDAY.
  LIGHT RAIN
  FOG
  HAZE


RELATIVE HUMIDITY (PERCENT)
 HIGHEST   100           200 AM
 LOWEST     67          1200 PM
 AVERAGE    84

..........................................................


THE SCOTTSBLUFF NE AIRPORT CLIMATE NORMALS FOR TODAY
                         NORMAL    RECORD    YEAR
 MAXIMUM TEMPERATURE (F)   69        94      1928
 MINIMUM TEMPERATURE (F)   40        24      1898


SUNRISE AND SUNSET
MAY  7 2015...........SUNRISE   543 AM MDT   SUNSET   759 PM MDT
MAY  8 2015...........SUNRISE   542 AM MDT   SUNSET   800 PM MDT


-  INDICATES NEGATIVE NUMBERS.
R  INDICATES RECORD WAS SET OR TIED.
MM INDICATES DATA IS MISSING.
T  INDICATES TRACE AMOUNT.




$$
