000
CDUS44 KAMA 070632
CLIBGD


CLIMATE REPORT
NATIONAL WEATHER SERVICE AMARILLO TX
131 AM CDT THU MAY 7 2015


...................................

...THE BORGER CLIMATE SUMMARY FOR MAY 6 2015...

CLIMATE NORMAL PERIOD 1981 TO 2013
CLIMATE RECORD PERIOD 1949 TO 2015


WEATHER ITEM   OBSERVED TIME   RECORD YEAR NORMAL DEPARTURE LAST
                VALUE   (LST)  VALUE       VALUE  FROM      YEAR
                                                  NORMAL
..................................................................
TEMPERATURE (F)
 YESTERDAY
  MAXIMUM         82    427 PM  98    2000  78      4       94
  MINIMUM         56    352 AM  38    1953  52      4       69
  AVERAGE         69                        65      4       82

PRECIPITATION (IN)
  YESTERDAY        0.00          1.64 1969   0.05  -0.05     0.00
  MONTH TO DATE    1.78                      0.29   1.49      T
  SINCE MAR 1      6.45                      3.24   3.21     0.20
  SINCE JAN 1      8.30                      4.45   3.85     0.58

SNOWFALL (IN)
  YESTERDAY        0.0           T    1949                   0.0
  MONTH TO DATE    0.0                                       0.0
  SINCE MAR 1      T                                         2.1
  SINCE JUL 1     17.5                                      14.7
  SNOW DEPTH       0

DEGREE DAYS
 HEATING
  YESTERDAY        0                         3     -3        0
  MONTH TO DATE    0                        22    -22       21
  SINCE MAR 1    501                       732   -231      725
  SINCE JUL 1   3373                      3725   -352     3803

 COOLING
  YESTERDAY        4                         3      1       17
  MONTH TO DATE   30                        17     13       63
  SINCE MAR 1     86                        61     25      128
  SINCE JAN 1     86                        61     25      128
..................................................................


WIND (MPH)
  RESULTANT WIND SPEED  16   RESULTANT WIND DIRECTION   S (200)
  HIGHEST WIND SPEED    31   HIGHEST WIND DIRECTION    SW (220)
  HIGHEST GUST SPEED    43   HIGHEST GUST DIRECTION    SW (220)
  AVERAGE WIND SPEED    17.0


SKY COVER
  AVERAGE SKY COVER 0.0


WEATHER CONDITIONS
 THE FOLLOWING WEATHER WAS RECORDED YESTERDAY.
  NO SIGNIFICANT WEATHER WAS OBSERVED.


RELATIVE HUMIDITY (PERCENT)
 HIGHEST    93           400 AM
 LOWEST     26           400 PM
 AVERAGE    60

..........................................................


THE BORGER CLIMATE NORMALS FOR TODAY
                         NORMAL    RECORD    YEAR
 MAXIMUM TEMPERATURE (F)   78        96      2002
 MINIMUM TEMPERATURE (F)   52        38      1960


SUNRISE AND SUNSET
MAY  7 2015...........SUNRISE   648 AM CDT   SUNSET   837 PM CDT
MAY  8 2015...........SUNRISE   647 AM CDT   SUNSET   838 PM CDT


-  INDICATES NEGATIVE NUMBERS.
R  INDICATES RECORD WAS SET OR TIED.
MM INDICATES DATA IS MISSING.
T  INDICATES TRACE AMOUNT.




$$
