000
CDUS41 KCAR 252030
CLIBGR


CLIMATE REPORT
NATIONAL WEATHER SERVICE CARIBOU, ME
429 PM EDT SAT APR 25 2015


...................................

...THE BANGOR ME CLIMATE SUMMARY FOR APRIL 25 2015...
VALID TODAY AS OF 0400 PM LOCAL TIME.

CLIMATE NORMAL PERIOD 1981 TO 2010
CLIMATE RECORD PERIOD 1925 TO 2015


WEATHER ITEM   OBSERVED TIME   RECORD YEAR NORMAL DEPARTURE LAST
                VALUE   (LST)  VALUE       VALUE  FROM      YEAR
                                                  NORMAL
..................................................................
TEMPERATURE (F)
 TODAY
  MAXIMUM         49    241 PM  79    1942  57     -8       58
  MINIMUM         33    521 AM  21    1965  36     -3       30
  AVERAGE         41                        46     -5       44

PRECIPITATION (IN)
  TODAY            T             1.82 1968   0.12  -0.12     0.00
  MONTH TO DATE    2.08                      3.02  -0.94     1.99
  SINCE MAR 1      3.53                      6.40  -2.87     5.64
  SINCE JAN 1      8.42                     11.81  -3.39    10.81

SNOWFALL (IN)
  TODAY            T             3.3  1962   0.0    0.0      0.0
  MONTH TO DATE    6.3                       3.6    2.7      1.1
  SINCE MAR 1     21.9                      15.3    6.6     16.8
  SINCE JUL 1    139.0                      66.0   73.0     80.0
  SNOW DEPTH      MM

DEGREE DAYS
 HEATING
  TODAY           24                        19      5       21
  MONTH TO DATE  634                       588     46      586
  SINCE MAR 1   1886                      1665    221     1890
  SINCE JUL 1   7776                      7311    465     7642

 COOLING
  TODAY            0                         0      0        0
  MONTH TO DATE    0                         0      0        0
  SINCE MAR 1      0                         0      0        0
  SINCE JAN 1      0                         0      0        0
..................................................................


WIND (MPH)
  HIGHEST WIND SPEED    14   HIGHEST WIND DIRECTION    NW (310)
  HIGHEST GUST SPEED    18   HIGHEST GUST DIRECTION    NW (330)
  AVERAGE WIND SPEED     6.4


SKY COVER
  POSSIBLE SUNSHINE  MM
  AVERAGE SKY COVER 0.8


WEATHER CONDITIONS
 THE FOLLOWING WEATHER WAS RECORDED TODAY.
  LIGHT SNOW


RELATIVE HUMIDITY (PERCENT)
 HIGHEST    82           100 AM
 LOWEST     49           200 PM
 AVERAGE    66

..........................................................


THE BANGOR ME CLIMATE NORMALS FOR TOMORROW
                         NORMAL    RECORD    YEAR
 MAXIMUM TEMPERATURE (F)   58        76      1991
 MINIMUM TEMPERATURE (F)   36        24      1940


SUNRISE AND SUNSET
APRIL 25 2015.........SUNRISE   535 AM EDT   SUNSET   733 PM EDT
APRIL 26 2015.........SUNRISE   533 AM EDT   SUNSET   734 PM EDT


-  INDICATES NEGATIVE NUMBERS.
R  INDICATES RECORD WAS SET OR TIED.
MM INDICATES DATA IS MISSING.
T  INDICATES TRACE AMOUNT.




$$
