000
CDUS44 KBMX 070806
CLIBHM


CLIMATE REPORT
NATIONAL WEATHER SERVICE BIRMINGHAM, AL
305 AM CDT THU MAY 7 2015


...................................

...THE BIRMINGHAM CLIMATE SUMMARY FOR MAY 6 2015...

CLIMATE NORMAL PERIOD 1981 TO 2010
CLIMATE RECORD PERIOD 2014 TO 2015


WEATHER ITEM   OBSERVED TIME   RECORD YEAR NORMAL DEPARTURE LAST
                VALUE   (LST)  VALUE       VALUE  FROM      YEAR
                                                  NORMAL
..................................................................
TEMPERATURE (F)
 YESTERDAY
  MAXIMUM         82    411 PM  92    1952  79      3       86
  MINIMUM         57    314 AM  38    1968  57      0       58
  AVERAGE         70                        68      2       72

PRECIPITATION (IN)
  YESTERDAY        0.00          3.85 1967   0.17  -0.17     0.00
  MONTH TO DATE    0.00                      0.98  -0.98     0.00
  SINCE MAR 1     14.47                     10.59   3.88    13.61
  SINCE JAN 1     23.17                     19.96   3.21    20.54

DEGREE DAYS
 COOLING
  YESTERDAY        5                         4      1        7
  MONTH TO DATE   17                        24     -7       20
  SINCE MAR 1     99                       104     -5       76
  SINCE JAN 1     99                       108     -9       79
..................................................................


WIND (MPH)
  HIGHEST WIND SPEED    13   HIGHEST WIND DIRECTION     E (100)
  HIGHEST GUST SPEED    18   HIGHEST GUST DIRECTION    SE (130)
  AVERAGE WIND SPEED     3.5


SKY COVER
  AVERAGE SKY COVER 0.2


WEATHER CONDITIONS
 THE FOLLOWING WEATHER WAS RECORDED YESTERDAY.
  NO SIGNIFICANT WEATHER WAS OBSERVED.


RELATIVE HUMIDITY (PERCENT)
 HIGHEST    93           200 AM
 LOWEST     33           300 PM
 AVERAGE    63

..........................................................


THE BIRMINGHAM CLIMATE NORMALS FOR TODAY
                         NORMAL    RECORD    YEAR
 MAXIMUM TEMPERATURE (F)   80        91      1962
                                             1959
                                             1952
 MINIMUM TEMPERATURE (F)   57        37      1944


SUNRISE AND SUNSET
MAY  7 2015...........SUNRISE   553 AM CDT   SUNSET   734 PM CDT
MAY  8 2015...........SUNRISE   552 AM CDT   SUNSET   735 PM CDT


-  INDICATES NEGATIVE NUMBERS.
R  INDICATES RECORD WAS SET OR TIED.
MM INDICATES DATA IS MISSING.
T  INDICATES TRACE AMOUNT.




$$
