000
CDUS45 KVEF 020830
CLIBIH


CLIMATE REPORT
NATIONAL WEATHER SERVICE LAS VEGAS, NV
128 AM PDT THU APR 2 2015


...................................

...THE BISHOP CA CLIMATE SUMMARY FOR APRIL 1 2015...

CLIMATE NORMAL PERIOD 1981 TO 2010
CLIMATE RECORD PERIOD 1943 TO 2015


WEATHER ITEM   OBSERVED TIME   RECORD YEAR NORMAL DEPARTURE LAST
                VALUE   (LST)  VALUE       VALUE  FROM      YEAR
                                                  NORMAL
..................................................................
TEMPERATURE (F)
 YESTERDAY
  MAXIMUM         75    218 PM  90    1966  69      6       56
  MINIMUM         42    609 AM  18    2010  33      9       27
                                      1999
  AVERAGE         59                        51      8       42

PRECIPITATION (IN)
  YESTERDAY        0.00          0.36 1965   0.01  -0.01     0.05
  MONTH TO DATE    0.00                      0.01  -0.01     0.05
  SINCE OCT 1      0.73                      4.06  -3.33     2.22
  SINCE JAN 1      0.27                      2.44  -2.17     2.00

SNOWFALL (IN)
  YESTERDAY        0.0           1.7  1998   0.0    0.0      0.1
  MONTH TO DATE    0.0                       0.0    0.0      0.1
  SINCE MAR 1      T                         0.9   -0.9      0.1
  SINCE JUL 1      T                         6.8   -6.8      0.6
  SNOW DEPTH       0

DEGREE DAYS
 HEATING
  YESTERDAY        6                        14     -8       23
  MONTH TO DATE    6                        14     -8       23
  SINCE MAR 1    306                       530   -224      458
  SINCE JUL 1   2747                      3737   -990     3408

 COOLING
  YESTERDAY        0                         0      0        0
  MONTH TO DATE    0                         0      0        0
  SINCE MAR 1      0                         0      0        0
  SINCE JAN 1      0                         0      0        0
..................................................................


WIND (MPH)
  RESULTANT WIND SPEED   8   RESULTANT WIND DIRECTION   N (340)
  HIGHEST WIND SPEED    29   HIGHEST WIND DIRECTION     N (350)
  HIGHEST GUST SPEED    38   HIGHEST GUST DIRECTION     N (350)
  AVERAGE WIND SPEED    14.6


SKY COVER
  POSSIBLE SUNSHINE  MM
  AVERAGE SKY COVER 0.0


WEATHER CONDITIONS
 THE FOLLOWING WEATHER WAS RECORDED YESTERDAY.
  NO SIGNIFICANT WEATHER WAS OBSERVED.


RELATIVE HUMIDITY (PERCENT)
 HIGHEST    40           400 AM
 LOWEST      3           300 PM
 AVERAGE    22

..........................................................


THE BISHOP CA CLIMATE NORMALS FOR TODAY
                         NORMAL    RECORD    YEAR
 MAXIMUM TEMPERATURE (F)   69        89      1961
 MINIMUM TEMPERATURE (F)   34        19      1975


SUNRISE AND SUNSET
APRIL  2 2015.........SUNRISE   638 AM PDT   SUNSET   717 PM PDT
APRIL  3 2015.........SUNRISE   636 AM PDT   SUNSET   718 PM PDT


-  INDICATES NEGATIVE NUMBERS.
R  INDICATES RECORD WAS SET OR TIED.
MM INDICATES DATA IS MISSING.
T  INDICATES TRACE AMOUNT.




$$
