000
CDUS45 KBYZ 040933
CLIBIL


CLIMATE REPORT
NATIONAL WEATHER SERVICE BILLINGS MT
331 AM MDT MON MAY 4 2015


...................................

...THE BILLINGS MT CLIMATE SUMMARY FOR MAY 3 2015...

CLIMATE NORMAL PERIOD 1981 TO 2010
CLIMATE RECORD PERIOD 1934 TO 2015


WEATHER ITEM   OBSERVED TIME   RECORD YEAR NORMAL DEPARTURE LAST
                VALUE   (LST)  VALUE       VALUE  FROM      YEAR
                                                  NORMAL
..................................................................
TEMPERATURE (F)
 YESTERDAY
  MAXIMUM         63    526 PM  85    1939  64     -1       45
  MINIMUM         43    559 AM  16    1954  40      3       41
  AVERAGE         53                        52      1       43

PRECIPITATION (IN)
  YESTERDAY        0.00          0.61 1960   0.06  -0.06     0.00
  MONTH TO DATE    0.00                      0.19  -0.19     0.00
  SINCE OCT 1      4.81                      6.18  -1.37    10.47
  SINCE JAN 1      3.24                      3.87  -0.63     5.58

SNOWFALL (IN)
  YESTERDAY        0.0           5.5  1956   0.1   -0.1      0.0
  MONTH TO DATE    0.0                       0.4   -0.4      0.0
  SINCE MAR 1     11.3                      18.9   -7.6     11.2
  SINCE JUL 1     55.4                      53.4    2.0    101.4
  SNOW DEPTH       0

DEGREE DAYS
 HEATING
  YESTERDAY       12                        14     -2       22
  MONTH TO DATE   15                        42    -27       41
  SINCE MAR 1   1081                      1454   -373     1550
  SINCE JUL 1   5722                      6419   -697     6823

 COOLING
  YESTERDAY        0                         0      0        0
  MONTH TO DATE    0                         0      0        0
  SINCE MAR 1      0                         1     -1        0
  SINCE JAN 1      0                         1     -1        0
..................................................................


WIND (MPH)
  HIGHEST WIND SPEED    23   HIGHEST WIND DIRECTION    NE (50)
  HIGHEST GUST SPEED    27   HIGHEST GUST DIRECTION    NE (60)
  AVERAGE WIND SPEED    10.0


SKY COVER
  POSSIBLE SUNSHINE  MM
  AVERAGE SKY COVER 0.7


WEATHER CONDITIONS
 THE FOLLOWING WEATHER WAS RECORDED YESTERDAY.
  NO SIGNIFICANT WEATHER WAS OBSERVED.


RELATIVE HUMIDITY (PERCENT)
 HIGHEST    67           600 AM
 LOWEST     30          1100 AM
 AVERAGE    49

..........................................................


THE BILLINGS MT CLIMATE NORMALS FOR TODAY
                         NORMAL    RECORD    YEAR
 MAXIMUM TEMPERATURE (F)   64        87      1936
 MINIMUM TEMPERATURE (F)   40        21      1967


SUNRISE AND SUNSET
MAY  4 2015...........SUNRISE   557 AM MDT   SUNSET   825 PM MDT
MAY  5 2015...........SUNRISE   556 AM MDT   SUNSET   827 PM MDT


-  INDICATES NEGATIVE NUMBERS.
R  INDICATES RECORD WAS SET OR TIED.
MM INDICATES DATA IS MISSING.
T  INDICATES TRACE AMOUNT.





&&

...THE CLIMATE SUMMARY FOR SOUTHWEST BILLINGS FOR 03 MAY 2015...

HIGH TEMPERATURE........................67
LOW TEMPERATURE.........................46

PRECIPITATION...........................0.00
MONTHLY PRECIPITATION TOTAL.............0.00
YEARLY PRECIPITATION TOTAL..............3.25

SNOWFALL................................0.0
MONTHLY SNOWFALL TOTAL..................0.0
TOTAL SNOWFALL SINCE JULY 1.............53.3

SNOW DEPTH AT MIDNIGHT..................0

$$
