000
CDUS44 KOHX 070623
CLIBNA

CLIMATE REPORT
NATIONAL WEATHER SERVICE NASHVILLE TN
121 AM CDT THU MAY 7 2015


...................................

...THE NASHVILLE CLIMATE SUMMARY FOR MAY 6 2015...

CLIMATE NORMAL PERIOD 1981 TO 2010
CLIMATE RECORD PERIOD 1871 TO 2015


WEATHER ITEM   OBSERVED TIME   RECORD YEAR NORMAL DEPARTURE
                VALUE   (LST)  VALUE       VALUE  FROM
                                                  NORMAL
...............................................................
TEMPERATURE (F)
 YESTERDAY
  MAXIMUM         87    216 PM  92    1949  76     11
  MINIMUM         59    441 AM  35    1968  54      5
  AVERAGE         73                        65      8

PRECIPITATION (IN)
  YESTERDAY        0.00          3.95 1984   0.19  -0.19
  MONTH TO DATE    0.00                      1.13  -1.13
  SINCE MAR 1     10.62                      9.24   1.38
  SINCE JAN 1     17.44                     16.93   0.51

SNOWFALL (IN)
  YESTERDAY        0.0                       0.0    0.0
  MONTH TO DATE    0.0                       0.0    0.0
  SINCE MAR 1      2.9                       0.9    2.0
  SINCE JUL 1      6.1                       6.3   -0.2
  SNOW DEPTH       0

DEGREE DAYS
 HEATING
  YESTERDAY        0                               -3
  MONTH TO DATE    9                              -10
  SINCE MAR 1    573                             -136
  SINCE JUL 1   3763                              116

 COOLING
  YESTERDAY        8                                5
  MONTH TO DATE   20                                7
  SINCE MAR 1     62                                4
  SINCE JAN 1     62                                4
...............................................................


WIND (MPH)
  HIGHEST WIND SPEED    10   HIGHEST WIND DIRECTION    SE (150)
  HIGHEST GUST SPEED    13   HIGHEST GUST DIRECTION    SE (150)
  AVERAGE WIND SPEED     2.3




RELATIVE HUMIDITY (PERCENT)
 HIGHEST    90
 LOWEST     32
 AVERAGE    61

..........................................................


THE NASHVILLE CLIMATE NORMALS FOR TODAY
                         NORMAL    RECORD    YEAR
 MAXIMUM TEMPERATURE (F)   76        89      1986
                                             1955
                                             1952
 MINIMUM TEMPERATURE (F)   54        37      1944


SUNRISE AND SUNSET
MAY  7 2015...........SUNRISE   548 AM CDT   SUNSET   739 PM CDT
MAY  8 2015...........SUNRISE   547 AM CDT   SUNSET   740 PM CDT


-  INDICATES NEGATIVE NUMBERS.
R  INDICATES RECORD WAS SET OR TIED.
MM INDICATES DATA IS MISSING.
T  INDICATES TRACE AMOUNT.




$$
