000
CDUS44 KBRO 260625
CLIBRO


CLIMATE REPORT
NATIONAL WEATHER SERVICE BROWNSVILLE TX
125 AM CDT SUN APR 26 2015


...................................

...THE BROWNSVILLE CLIMATE SUMMARY FOR APRIL 25 2015...

CLIMATE NORMAL PERIOD 1981 TO 2010
CLIMATE RECORD PERIOD 1878 TO 2015


WEATHER ITEM   OBSERVED TIME   RECORD YEAR NORMAL DEPARTURE LAST
                VALUE   (LST)  VALUE       VALUE  FROM      YEAR
                                                  NORMAL
..................................................................
TEMPERATURE (F)
 YESTERDAY
  MAXIMUM         96    156 PM  98    2003  85     11       87
                                      1945
  MINIMUM         75   1251 AM  53    1983  68      7       71
                                      1913
  AVERAGE         86                        76     10       79

PRECIPITATION (IN)
  YESTERDAY        0.04          1.57 1879   0.05  -0.01     0.00
  MONTH TO DATE    1.73                      1.29   0.44     0.28
  SINCE MAR 1      6.45                      2.52   3.93     1.74
  SINCE JAN 1     10.77                      4.87   5.90     2.50

SNOWFALL (IN)
  YESTERDAY        0.0           0.0  2002   0.0
                                      2001
  MONTH TO DATE    0.0                       0.0
  SINCE MAR 1      0.0                       0.0
  SINCE JUL 1      0.0                       0.0

DEGREE DAYS
 HEATING
  YESTERDAY        0                         0      0        0
  MONTH TO DATE    0                         6     -6       10
  SINCE MAR 1     67                        49     18      100
  SINCE JUL 1    690                       552    138      824

 COOLING
  YESTERDAY       21                        12      9       14
  MONTH TO DATE  325                       241     84      225
  SINCE MAR 1    449                       415     34      348
  SINCE JAN 1    506                       556    -50      468
..................................................................


WIND (MPH)
  HIGHEST WIND SPEED    24   HIGHEST WIND DIRECTION    SE (140)
  HIGHEST GUST SPEED    31   HIGHEST GUST DIRECTION    SE (140)
  AVERAGE WIND SPEED     9.1


SKY COVER
  POSSIBLE SUNSHINE  MM
  AVERAGE SKY COVER 0.7


WEATHER CONDITIONS
 THE FOLLOWING WEATHER WAS RECORDED YESTERDAY.
  THUNDERSTORM
  LIGHT RAIN
  FOG
  HAZE


RELATIVE HUMIDITY (PERCENT)
 HIGHEST    97           300 AM
 LOWEST     49           200 PM
 AVERAGE    73

..........................................................


THE BROWNSVILLE CLIMATE NORMALS FOR TODAY
                         NORMAL    RECORD    YEAR
 MAXIMUM TEMPERATURE (F)   85        98      1964
 MINIMUM TEMPERATURE (F)   68        43      1881


SUNRISE AND SUNSET
APRIL 26 2015.........SUNRISE   657 AM CDT   SUNSET   758 PM CDT
APRIL 27 2015.........SUNRISE   656 AM CDT   SUNSET   759 PM CDT


-  INDICATES NEGATIVE NUMBERS.
R  INDICATES RECORD WAS SET OR TIED.
MM INDICATES DATA IS MISSING.
T  INDICATES TRACE AMOUNT.




$$
