000
CDUS43 KGRR 210517
CLIBTL


CLIMATE REPORT
NATIONAL WEATHER SERVICE GRAND RAPIDS, MI
115 AM EDT TUE APR 21 2015


...................................

...THE BATTLE CREEK MI CLIMATE SUMMARY FOR APRIL 20 2015...

CLIMATE NORMAL PERIOD 1981 TO 2010
CLIMATE RECORD PERIOD 1998 TO 2015


WEATHER ITEM   OBSERVED TIME   NORMAL DEPARTURE LAST
                VALUE   (LST)  VALUE  FROM      YEAR
                                      NORMAL
......................................................
TEMPERATURE (F)
 YESTERDAY
  MAXIMUM         59   1023 AM  62     -3       72
  MINIMUM         42   1159 PM  38      4       39
  AVERAGE         51            50      1       56

PRECIPITATION (IN)
  YESTERDAY        0.18          0.10   0.08     0.00
  MONTH TO DATE    1.47          1.85  -0.38     1.42
  SINCE MAR 1      1.74          3.76  -2.02     2.38
  SINCE JAN 1      2.75          6.76  -4.01     3.91

DEGREE DAYS
 HEATING
  YESTERDAY       14            15     -1        9
  MONTH TO DATE  275           378   -103      388
  SINCE MAR 1   1233          1288    -55     1557
  SINCE JUL 1   6438          6253    185     7011

 COOLING
  YESTERDAY        0             0      0        0
  MONTH TO DATE    0             0      0        0
  SINCE MAR 1      0             0      0        0
  SINCE JAN 1      0             0      0        0
......................................................


WIND (MPH)
  RESULTANT WIND SPEED  16   RESULTANT WIND DIRECTION  SW (240)
  HIGHEST WIND SPEED    31   HIGHEST WIND DIRECTION    SW (230)
  HIGHEST GUST SPEED    41   HIGHEST GUST DIRECTION     W (270)
  AVERAGE WIND SPEED    17.7


SKY COVER
  AVERAGE SKY COVER 1.0


WEATHER CONDITIONS
 THE FOLLOWING WEATHER WAS RECORDED YESTERDAY.
  LIGHT RAIN
  FOG
  HAZE


RELATIVE HUMIDITY (PERCENT)
 HIGHEST   100           200 AM
 LOWEST     70          1100 PM
 AVERAGE    85

..........................................................


THE BATTLE CREEK MI CLIMATE NORMALS FOR TODAY
                         NORMAL
 MAXIMUM TEMPERATURE (F)   63
 MINIMUM TEMPERATURE (F)   38


SUNRISE AND SUNSET
APRIL 21 2015.........SUNRISE   651 AM EDT   SUNSET   829 PM EDT
APRIL 22 2015.........SUNRISE   650 AM EDT   SUNSET   830 PM EDT


-  INDICATES NEGATIVE NUMBERS.
R  INDICATES RECORD WAS SET OR TIED.
MM INDICATES DATA IS MISSING.
T  INDICATES TRACE AMOUNT.




$$
