000
CDUS41 KBUF 071023
CLIBUF


CLIMATE REPORT
NATIONAL WEATHER SERVICE BUFFALO NY
621 AM EDT THU MAY 7 2015


...................................

...THE BUFFALO NY CLIMATE SUMMARY FOR MAY 6 2015...

CLIMATE NORMAL PERIOD 1981 TO 2010
CLIMATE RECORD PERIOD 1871 TO 2015


WEATHER ITEM   OBSERVED TIME   RECORD YEAR NORMAL DEPARTURE LAST
                VALUE   (LST)  VALUE       VALUE  FROM      YEAR
                                                  NORMAL
..................................................................
TEMPERATURE (F)
 YESTERDAY
  MAXIMUM         76    517 PM  88    1959  63     13       60
  MINIMUM         54    529 AM  31    1891  44     10       42
  AVERAGE         65                        54     11       51

PRECIPITATION (IN)
  YESTERDAY        0.00          1.04 1985   0.10  -0.10     0.00
  MONTH TO DATE    0.08                      0.61  -0.53     0.15
  SINCE MAR 1      4.22                      6.49  -2.27     7.78
  SINCE JAN 1      9.21                     12.16  -2.95    14.56

SNOWFALL (IN)
  YESTERDAY        0.0           T    1974   0.0    0.0      0.0
  MONTH TO DATE    0.0                       0.1   -0.1      0.0
  SINCE MAR 1      9.9                      15.7   -5.8     25.7
  SINCE JUL 1    112.9                      94.5   18.4    129.9
  SNOW DEPTH       0

DEGREE DAYS
 HEATING
  YESTERDAY        0                        12    -12       14
  MONTH TO DATE   31                        75    -44      102
  SINCE MAR 1   1703                      1612     91     1851
  SINCE JUL 1   6851                      6356    495     6957

 COOLING
  YESTERDAY        0                         0      0        0
  MONTH TO DATE    0                         0      0        0
  SINCE MAR 1      0                         3     -3        0
  SINCE JAN 1      0                         3     -3        0
..................................................................


WIND (MPH)
  HIGHEST WIND SPEED    15   HIGHEST WIND DIRECTION    NE (30)
  HIGHEST GUST SPEED    20   HIGHEST GUST DIRECTION     E (110)
  AVERAGE WIND SPEED     7.0


SKY COVER
  AVERAGE SKY COVER 0.6


WEATHER CONDITIONS
 THE FOLLOWING WEATHER WAS RECORDED YESTERDAY.
  FOG


RELATIVE HUMIDITY (PERCENT)
 HIGHEST    86          1200 AM
 LOWEST     33           600 PM
 AVERAGE    60

..........................................................


THE BUFFALO NY CLIMATE NORMALS FOR TODAY
                         NORMAL    RECORD    YEAR
 MAXIMUM TEMPERATURE (F)   64        83      1982
 MINIMUM TEMPERATURE (F)   44        29      1970


SUNRISE AND SUNSET
MAY  7 2015...........SUNRISE   601 AM EDT   SUNSET   822 PM EDT
MAY  8 2015...........SUNRISE   600 AM EDT   SUNSET   823 PM EDT


-  INDICATES NEGATIVE NUMBERS.
R  INDICATES RECORD WAS SET OR TIED.
MM INDICATES DATA IS MISSING.
T  INDICATES TRACE AMOUNT.




$$
