000
CDUS41 KCAR 010531
CLICAR


CLIMATE REPORT
NATIONAL WEATHER SERVICE CARIBOU, ME
129 AM EDT WED APR 1 2015


...................................

...THE CARIBOU ME CLIMATE SUMMARY FOR MARCH 31 2015...

CLIMATE NORMAL PERIOD 1981 TO 2010
CLIMATE RECORD PERIOD 1939 TO 2015


WEATHER ITEM   OBSERVED TIME   RECORD YEAR NORMAL DEPARTURE LAST
                VALUE   (LST)  VALUE       VALUE  FROM      YEAR
                                                  NORMAL
..................................................................
TEMPERATURE (F)
 YESTERDAY
  MAXIMUM         36    933 AM  59    2006  40     -4       33
  MINIMUM         21   1159 PM   0    1954  22     -1       27
  AVERAGE         29                        31     -2       30

PRECIPITATION (IN)
  YESTERDAY        0.01          1.82 2001   0.08  -0.07      T
  MONTH TO DATE    1.65                      2.51  -0.86     3.44
  SINCE MAR 1      1.65                      2.51  -0.86     3.44
  SINCE JAN 1      5.75                      7.43  -1.68     9.66

SNOWFALL (IN)
  YESTERDAY        0.3          18.8  2001   0.4   -0.1       T
  MONTH TO DATE   24.9                      18.3    6.6     42.1
  SINCE MAR 1     24.9                      18.3    6.6     42.1
  SINCE JUL 1    133.2                     100.8   32.4    141.5
  SNOW DEPTH      12

DEGREE DAYS
 HEATING
  YESTERDAY       36                        34      2       35
  MONTH TO DATE 1402                      1253    149     1540
  SINCE MAR 1   1402                      1254    148     1540
  SINCE JUL 1   8143                      7975    168     8194

 COOLING
  YESTERDAY        0                         0      0        0
  MONTH TO DATE    0                         0      0        0
  SINCE MAR 1      0                         0      0        0
  SINCE JAN 1      0                         0      0        0
..................................................................


WIND (MPH)
  HIGHEST WIND SPEED    20   HIGHEST WIND DIRECTION    NW (310)
  HIGHEST GUST SPEED    24   HIGHEST GUST DIRECTION    NW (300)
  AVERAGE WIND SPEED     8.4


SKY COVER
  POSSIBLE SUNSHINE  MM
  AVERAGE SKY COVER 0.8


WEATHER CONDITIONS
 THE FOLLOWING WEATHER WAS RECORDED YESTERDAY.
  LIGHT SNOW
  FOG


RELATIVE HUMIDITY (PERCENT)
 HIGHEST    92           100 AM
 LOWEST     49           700 PM
 AVERAGE    71

..........................................................


THE CARIBOU ME CLIMATE NORMALS FOR TODAY
                         NORMAL    RECORD    YEAR
 MAXIMUM TEMPERATURE (F)   40        66      1986
 MINIMUM TEMPERATURE (F)   23         2      1964


SUNRISE AND SUNSET
APRIL  1 2015.........SUNRISE   612 AM EDT   SUNSET   701 PM EDT
APRIL  2 2015.........SUNRISE   610 AM EDT   SUNSET   702 PM EDT


-  INDICATES NEGATIVE NUMBERS.
R  INDICATES RECORD WAS SET OR TIED.
MM INDICATES DATA IS MISSING.
T  INDICATES TRACE AMOUNT.




$$
