000
CDUS41 KLWX 250531
CLICHO


CLIMATE REPORT
NATIONAL WEATHER SERVICE BALTIMORE MD/WASHINGTON DC
131 AM EDT SAT APR 25 2015


...................................

...THE CHARLOTTESVILLE VA CLIMATE SUMMARY FOR APRIL 24 2015...

CLIMATE NORMAL PERIOD 1981 TO 2010
CLIMATE RECORD PERIOD 1889 TO 2015


WEATHER ITEM   OBSERVED TIME   RECORD YEAR NORMAL DEPARTURE LAST
                VALUE   (LST)  VALUE       VALUE  FROM      YEAR
                                                  NORMAL
..................................................................
TEMPERATURE (F)
 YESTERDAY
  MAXIMUM         65    503 PM  MM      MM  70     -5       67
  MINIMUM         42    557 AM  MM      MM  45     -3       42
  AVERAGE         54                        58     -4       55

PRECIPITATION (IN)
  YESTERDAY        0.00                      0.12  -0.12     0.00
  MONTH TO DATE    4.00                      2.74   1.26     2.21
  SINCE MAR 1      7.51                      6.40   1.11     4.70
  SINCE JAN 1     10.17                     11.87  -1.70     9.79

DEGREE DAYS
 HEATING
  YESTERDAY       11                         8      3       10
  MONTH TO DATE  175                       264    -89      239
  SINCE MAR 1    782                       856    -74      966
  SINCE JUL 1   4297                      4268     29     4475

 COOLING
  YESTERDAY        0                         1     -1        0
  MONTH TO DATE    8                        16     -8        9
  SINCE MAR 1      8                        18    -10        9
  SINCE JAN 1      8                        18    -10        9
..................................................................


WIND (MPH)
  HIGHEST WIND SPEED    18   HIGHEST WIND DIRECTION    SW (230)
  HIGHEST GUST SPEED    27   HIGHEST GUST DIRECTION     S (200)
  AVERAGE WIND SPEED     6.0


SKY COVER
  POSSIBLE SUNSHINE  MM
  AVERAGE SKY COVER 0.0


WEATHER CONDITIONS
 THE FOLLOWING WEATHER WAS RECORDED YESTERDAY.
  NO SIGNIFICANT WEATHER WAS OBSERVED.


RELATIVE HUMIDITY (PERCENT)
 HIGHEST    43           500 AM
 LOWEST     13           400 PM
 AVERAGE    28

..........................................................


THE CHARLOTTESVILLE VA CLIMATE NORMALS FOR TODAY
                         NORMAL    RECORD    YEAR
 MAXIMUM TEMPERATURE (F)   70        MM        MM
 MINIMUM TEMPERATURE (F)   46        MM        MM


SUNRISE AND SUNSET
APRIL 25 2015.........SUNRISE   625 AM EDT   SUNSET   759 PM EDT
APRIL 26 2015.........SUNRISE   624 AM EDT   SUNSET   800 PM EDT


-  INDICATES NEGATIVE NUMBERS.
R  INDICATES RECORD WAS SET OR TIED.
MM INDICATES DATA IS MISSING.
T  INDICATES TRACE AMOUNT.




$$
