000
CDUS42 KGSP 250631
CLICLT

CLIMATE REPORT
NATIONAL WEATHER SERVICE GREENVILLE-SPARTANBURG SC
229 AM EDT SAT APR 25 2015


...................................

...THE CHARLOTTE NC CLIMATE SUMMARY FOR APRIL 24 2015...

CLIMATE NORMAL PERIOD 1981 TO 2010
CLIMATE RECORD PERIOD 1878 TO 2015


WEATHER ITEM   OBSERVED TIME   RECORD YEAR NORMAL DEPARTURE LAST
                VALUE   (LST)  VALUE       VALUE  FROM      YEAR
                                                  NORMAL
..................................................................
TEMPERATURE (F)
 YESTERDAY
  MAXIMUM         70    235 PM  96    1925  74     -4       73
  MINIMUM         38    618 AM  36    1893  49    -11       50
  AVERAGE         54                        62     -8       62

PRECIPITATION (IN)
  YESTERDAY        0.00          2.33 1937   0.10  -0.10     0.00
  MONTH TO DATE    5.95                      2.46   3.49     6.43
  SINCE MAR 1      8.14                      6.47   1.67    10.91
  SINCE JAN 1     13.96                     13.20   0.76    17.83

SNOWFALL (IN)
  YESTERDAY        0.0           0.0    MM   0.0    0.0      0.0
  MONTH TO DATE    0.0                       0.0    0.0      0.0
  SINCE MAR 1      0.0                       0.6   -0.6       T
  SINCE JUL 1      3.1                       4.3   -1.2      9.3
  SNOW DEPTH       0

DEGREE DAYS
 HEATING
  YESTERDAY       11                         5      6        3
  MONTH TO DATE   78                       174    -96      142
  SINCE MAR 1    414                       607   -193      683
  SINCE JUL 1   3185                      3306   -121     3359

 COOLING
  YESTERDAY        0                         2     -2        0
  MONTH TO DATE   56                        24     32       22
  SINCE MAR 1     63                        29     34       22
  SINCE JAN 1     63                        29     34       23
..................................................................


WIND (MPH)
  HIGHEST WIND SPEED    13   HIGHEST WIND DIRECTION     N (340)
  HIGHEST GUST SPEED    18   HIGHEST GUST DIRECTION     N (10)
  AVERAGE WIND SPEED     4.0


SKY COVER
  POSSIBLE SUNSHINE  MM
  AVERAGE SKY COVER 0.4


WEATHER CONDITIONS
 THE FOLLOWING WEATHER WAS RECORDED YESTERDAY.
  NO SIGNIFICANT WEATHER WAS OBSERVED.


RELATIVE HUMIDITY (PERCENT)
 HIGHEST    60           700 AM
 LOWEST     20           100 PM
 AVERAGE    40

..........................................................


THE CHARLOTTE NC CLIMATE NORMALS FOR TODAY
                         NORMAL    RECORD    YEAR
 MAXIMUM TEMPERATURE (F)   74        93      1925
 MINIMUM TEMPERATURE (F)   49        31      2005


SUNRISE AND SUNSET
APRIL 25 2015.........SUNRISE   640 AM EDT   SUNSET   804 PM EDT
APRIL 26 2015.........SUNRISE   638 AM EDT   SUNSET   805 PM EDT


-  INDICATES NEGATIVE NUMBERS.
R  INDICATES RECORD WAS SET OR TIED.
MM INDICATES DATA IS MISSING.
T  INDICATES TRACE AMOUNT.




$$
