000
CDUS46 KLOX 260915
CLICMA


CLIMATE REPORT
NATIONAL WEATHER SERVICE LOS ANGELES/OXNARD CA
215 AM PDT SUN APR 26 2015


...................................

...THE CAMARILLO AIRPORT CA CLIMATE SUMMARY FOR APRIL 25 2015...

CLIMATE NORMAL PERIOD 1981 TO 2010
CLIMATE RECORD PERIOD 1948 TO 2015


WEATHER ITEM   OBSERVED TIME   RECORD YEAR NORMAL DEPARTURE LAST
                VALUE   (LST)  VALUE       VALUE  FROM      YEAR
                                                  NORMAL
..................................................................
TEMPERATURE (F)
 YESTERDAY
  MAXIMUM         68    252 PM  90    1965  70     -2       68
  MINIMUM         50    318 AM  38    1964  48      2       50
  AVERAGE         59                        59      0       59

PRECIPITATION (IN)
  YESTERDAY        0.01          0.60 1959   0.04  -0.03      T
  MONTH TO DATE    0.12                      0.64  -0.52     0.05
  SINCE OCT 1      8.13                     14.47  -6.34     4.96
  SINCE JAN 1      3.22                     10.47  -7.25     4.18

SNOWFALL (IN)
  YESTERDAY        0.0
  MONTH TO DATE    0.0
  SINCE MAR 1      0.0
  SINCE JUL 1      0.0

DEGREE DAYS
 HEATING
  YESTERDAY        6                         6      0        6
  MONTH TO DATE  113                       177    -64      132
  SINCE MAR 1    204                       454   -250      283
  SINCE JUL 1    861                      1790   -929     1236

 COOLING
  YESTERDAY        0                         0      0        0
  MONTH TO DATE    3                         0      3        2
  SINCE MAR 1     59                         4     55       14
  SINCE JAN 1     98                        13     85       42
..................................................................


WIND (MPH)
  HIGHEST WIND SPEED    33   HIGHEST WIND DIRECTION     W (270)
  HIGHEST GUST SPEED    39   HIGHEST GUST DIRECTION     W (270)
  AVERAGE WIND SPEED    11.6


SKY COVER
  POSSIBLE SUNSHINE  MM
  AVERAGE SKY COVER 0.3


WEATHER CONDITIONS
 THE FOLLOWING WEATHER WAS RECORDED YESTERDAY.
  LIGHT RAIN
  FOG
  HAZE


RELATIVE HUMIDITY (PERCENT)
 HIGHEST    83           100 AM
 LOWEST     56           500 PM
 AVERAGE    70

..........................................................


THE CAMARILLO AIRPORT CA CLIMATE NORMALS FOR TODAY
                         NORMAL    RECORD    YEAR
 MAXIMUM TEMPERATURE (F)   70        95      2008
 MINIMUM TEMPERATURE (F)   48        39      1964


SUNRISE AND SUNSET
APRIL 26 2015.........SUNRISE   612 AM PDT   SUNSET   736 PM PDT
APRIL 27 2015.........SUNRISE   611 AM PDT   SUNSET   737 PM PDT


-  INDICATES NEGATIVE NUMBERS.
R  INDICATES RECORD WAS SET OR TIED.
MM INDICATES DATA IS MISSING.
T  INDICATES TRACE AMOUNT.




$$
