000
CDUS41 KILN 040556
CLICMH


CLIMATE REPORT
NATIONAL WEATHER SERVICE WILMINGTON OH
155 AM EDT MON MAY 4 2015


...................................

...THE COLUMBUS OH CLIMATE SUMMARY FOR MAY 3 2015...

CLIMATE NORMAL PERIOD 1981 TO 2010
CLIMATE RECORD PERIOD 1869 TO 2015


WEATHER ITEM   OBSERVED TIME   RECORD YEAR NORMAL DEPARTURE LAST
                VALUE   (LST)  VALUE       VALUE  FROM      YEAR
                                                  NORMAL
..................................................................
TEMPERATURE (F)
 YESTERDAY
  MAXIMUM         77    441 PM  89    1959  69      8       69
  MINIMUM         47    534 AM  30    1978  48     -1       50
  AVERAGE         62                        59      3       60

PRECIPITATION (IN)
  YESTERDAY        0.00          1.16 2011   0.12  -0.12      T
  MONTH TO DATE    T                         0.36  -0.36      T
  SINCE MAR 1      8.01                      6.78   1.23     8.06
  SINCE JAN 1     12.58                     11.76   0.82    12.85

SNOWFALL (IN)
  YESTERDAY        0.0           0.0    MM   0.0    0.0      0.0
  MONTH TO DATE    0.0                       0.0    0.0      0.0
  SINCE MAR 1      5.4                       5.3    0.1      5.4
  SINCE JUL 1     33.4                      26.7    6.7     56.4
  SNOW DEPTH       0

DEGREE DAYS
 HEATING
  YESTERDAY        3                         7     -4        5
  MONTH TO DATE   16                        22     -6       26
  SINCE MAR 1   1195                      1109     86     1163
  SINCE JUL 1   5749                      5104    645     5547

 COOLING
  YESTERDAY        0                         1     -1        0
  MONTH TO DATE    0                         3     -3        0
  SINCE MAR 1      0                        15    -15        8
  SINCE JAN 1      0                        15    -15        8
..................................................................


WIND (MPH)
  RESULTANT WIND SPEED   4   RESULTANT WIND DIRECTION  SW (210)
  HIGHEST WIND SPEED    17   HIGHEST WIND DIRECTION     S (190)
  HIGHEST GUST SPEED    23   HIGHEST GUST DIRECTION    SW (230)
  AVERAGE WIND SPEED     4.9


SKY COVER
  POSSIBLE SUNSHINE  MM
  AVERAGE SKY COVER 0.5


WEATHER CONDITIONS
 THE FOLLOWING WEATHER WAS RECORDED YESTERDAY.
  NO SIGNIFICANT WEATHER WAS OBSERVED.


RELATIVE HUMIDITY (PERCENT)
 HIGHEST    86           600 AM
 LOWEST     31           200 PM
 AVERAGE    59

..........................................................


THE COLUMBUS OH CLIMATE NORMALS FOR TODAY
                         NORMAL    RECORD    YEAR
 MAXIMUM TEMPERATURE (F)   70        89      1955
                                             1949
                                             1902
 MINIMUM TEMPERATURE (F)   49        31      2005
                                             1986
                                             1966


SUNRISE AND SUNSET
MAY  4 2015...........SUNRISE   628 AM EDT   SUNSET   829 PM EDT
MAY  5 2015...........SUNRISE   627 AM EDT   SUNSET   830 PM EDT


-  INDICATES NEGATIVE NUMBERS.
R  INDICATES RECORD WAS SET OR TIED.
MM INDICATES DATA IS MISSING.
T  INDICATES TRACE AMOUNT.




$$
