000
CDUS43 KTOP 042134
CLICNK


CLIMATE REPORT
NATIONAL WEATHER SERVICE TOPEKA KS
433 PM CDT MON MAY 4 2015


...................................

...THE CONCORDIA KS CLIMATE SUMMARY FOR MAY 4 2015...
VALID TODAY AS OF 430 PM LOCAL TIME.

CLIMATE NORMAL PERIOD 1981 TO 2010
CLIMATE RECORD PERIOD 1885 TO 2015


WEATHER ITEM   OBSERVED TIME   RECORD YEAR NORMAL DEPARTURE LAST
                VALUE   (LST)  VALUE       VALUE  FROM      YEAR
                                                  NORMAL
..................................................................
TEMPERATURE (F)
 TODAY
  MAXIMUM         75   1102 AM  90    1952  71      4       85
                                      1943
  MINIMUM         60    515 AM  28    1907  48     12       46
  AVERAGE         68                        59      9       66

PRECIPITATION (IN)
  TODAY            T             2.50 1961   0.11  -0.11     0.00
  MONTH TO DATE    T                         0.44  -0.44     0.00
  SINCE MAR 1      2.34                      4.90  -2.56     1.52
  SINCE JAN 1      3.86                      6.27  -2.41     2.71

SNOWFALL (IN)
  TODAY           MM             T    1950   0.0   MM        0.0
  MONTH TO DATE    0.0                       0.0    0.0      0.0
  SINCE JAN 1      5.6                      13.7   -8.1     16.9
  SINCE JUL 1     11.7                      20.2   -8.5     23.2
  SNOW DEPTH      MM

DEGREE DAYS
 HEATING
  TODAY            0                         7     -7        0
  MONTH TO DATE    2                        29    -27       28
  SINCE MAR 1    838                      1086   -248     1173
  SINCE JUL 1   5045                      5293   -248     5655

 COOLING
  TODAY            3                         1      2        1
  MONTH TO DATE   20                         4     16        1
  SINCE MAR 1     28                        21      7       26
  SINCE JAN 1     28                        21      7       26
..................................................................


WIND (MPH)
  HIGHEST WIND SPEED    18   HIGHEST WIND DIRECTION     S (190)
  HIGHEST GUST SPEED    24   HIGHEST GUST DIRECTION     S (180)
  AVERAGE WIND SPEED     8.9



WEATHER CONDITIONS
 THE FOLLOWING WEATHER WAS RECORDED TODAY.
  LIGHT RAIN
  FOG


RELATIVE HUMIDITY (PERCENT)
 HIGHEST    84           500 AM
 LOWEST     53          1100 AM
 AVERAGE    69

..........................................................


THE CONCORDIA KS CLIMATE NORMALS FOR TOMORROW
                         NORMAL    RECORD    YEAR
 MAXIMUM TEMPERATURE (F)   71        97      1909
 MINIMUM TEMPERATURE (F)   48        32      1917


SUNRISE AND SUNSET
MAY  4 2015...........SUNRISE   628 AM CDT   SUNSET   827 PM CDT
MAY  5 2015...........SUNRISE   627 AM CDT   SUNSET   828 PM CDT


-  INDICATES NEGATIVE NUMBERS.
R  INDICATES RECORD WAS SET OR TIED.
MM INDICATES DATA IS MISSING.
T  INDICATES TRACE AMOUNT.




$$
