000
CDUS46 KLOX 250856
CLICQT


CLIMATE REPORT
NATIONAL WEATHER SERVICE LOS ANGELES/OXNARD CA
156 AM PDT SAT APR 25 2015


...................................

...THE DOWNTOWN LOS ANGELES (USC) CA CLIMATE SUMMARY FOR APRIL 24 2015...

CLIMATE NORMAL PERIOD 1981 TO 2010
CLIMATE RECORD PERIOD 1877 TO 2015


WEATHER ITEM   OBSERVED TIME   RECORD YEAR NORMAL DEPARTURE LAST
                VALUE   (LST)  VALUE       VALUE  FROM      YEAR
                                                  NORMAL
..................................................................
TEMPERATURE (F)
 YESTERDAY
  MAXIMUM         67   1247 PM  93    2001  74     -7       79
                                      1898
  MINIMUM         57   1159 PM  44    1900  55      2       55
                                      1899
  AVERAGE         62                        64     -2       67

PRECIPITATION (IN)
  YESTERDAY        0.00          0.41 1967   0.03  -0.03     0.00
  MONTH TO DATE    0.13                      0.78  -0.65     0.29
  SINCE OCT 1      7.53                     14.16  -6.63     5.93
  SINCE JAN 1      2.92                     10.13  -7.21     5.05

SNOWFALL (IN)
  YESTERDAY        0.0
  MONTH TO DATE    0.0
  SINCE MAR 1      0.0
  SINCE JUL 1      0.0

DEGREE DAYS
 HEATING
  YESTERDAY        3                         3      0        0
  MONTH TO DATE   33                        84    -51       42
  SINCE MAR 1     62                       241   -179      105
  SINCE JUL 1    425                      1016   -591      582

 COOLING
  YESTERDAY        0                         2     -2        2
  MONTH TO DATE   35                        31      4       32
  SINCE MAR 1    172                        51    121       61
  SINCE JAN 1    229                        74    155       84
..................................................................


WIND (MPH)
  HIGHEST WIND SPEED     7   HIGHEST WIND DIRECTION     W (270)
  HIGHEST GUST SPEED    11   HIGHEST GUST DIRECTION     W (270)
  AVERAGE WIND SPEED     1.2


SKY COVER
  POSSIBLE SUNSHINE  MM
  AVERAGE SKY COVER 0.8


WEATHER CONDITIONS
 THE FOLLOWING WEATHER WAS RECORDED YESTERDAY.
  NO SIGNIFICANT WEATHER WAS OBSERVED.


RELATIVE HUMIDITY (PERCENT)
 HIGHEST    86          1100 PM
 LOWEST     58           100 PM
 AVERAGE    72

..........................................................


THE DOWNTOWN LOS ANGELES (USC) CA CLIMATE NORMALS FOR TODAY
                         NORMAL    RECORD    YEAR
 MAXIMUM TEMPERATURE (F)   74        94      1898
 MINIMUM TEMPERATURE (F)   55        42      1882


SUNRISE AND SUNSET
APRIL 25 2015.........SUNRISE   611 AM PDT   SUNSET   732 PM PDT
APRIL 26 2015.........SUNRISE   609 AM PDT   SUNSET   733 PM PDT


-  INDICATES NEGATIVE NUMBERS.
R  INDICATES RECORD WAS SET OR TIED.
MM INDICATES DATA IS MISSING.
T  INDICATES TRACE AMOUNT.




$$
