000
CDUS44 KCRP 180903
CLICRP

CLIMATE REPORT
NATIONAL WEATHER SERVICE CORPUS CHRISTI TX
401 AM CDT SAT APR 18 2015


...................................

...THE CORPUS CHRISTI CLIMATE SUMMARY FOR APRIL 17 2015...

CLIMATE NORMAL PERIOD 1981 TO 2010
CLIMATE RECORD PERIOD 1887 TO 2015


WEATHER ITEM   OBSERVED TIME   RECORD YEAR NORMAL DEPARTURE LAST
                VALUE   (LST)  VALUE       VALUE  FROM      YEAR
                                                  NORMAL
..................................................................
TEMPERATURE (F)
 YESTERDAY
  MAXIMUM         83   1042 AM  92    1918  82      1       75
  MINIMUM         68   1138 PM  44    1999  63      5       66
  AVERAGE         76                        73      3       71

PRECIPITATION (IN)
  YESTERDAY        1.89R         1.28 1992   0.06   1.83     0.12
  MONTH TO DATE    3.92                      0.96   2.96     0.43
  SINCE MAR 1     10.05                      2.85   7.20     2.08
  SINCE JAN 1     13.50                      6.32   7.18     2.99

SNOWFALL (IN)
  YESTERDAY        0.0
  MONTH TO DATE    0.0
  SINCE MAR 1      0.0
  SINCE JUL 1      0.0
  SNOW DEPTH       0

DEGREE DAYS
 HEATING
  YESTERDAY        0                         0      0        0
  MONTH TO DATE    0                        15    -15       14
  SINCE MAR 1    116                        96     20      146
  SINCE JUL 1   1053                       896    157     1145

 COOLING
  YESTERDAY       11                         8      3        6
  MONTH TO DATE  167                       117     50      109
  SINCE MAR 1    242                       232     10      193
  SINCE JAN 1    270                       308    -38      270
..................................................................


WIND (MPH)
  HIGHEST WIND SPEED    33   HIGHEST WIND DIRECTION    NW (310)
  HIGHEST GUST SPEED    49   HIGHEST GUST DIRECTION    NW (300)
  AVERAGE WIND SPEED    14.4


SKY COVER
  POSSIBLE SUNSHINE  MM
  AVERAGE SKY COVER 1.0


WEATHER CONDITIONS
 THE FOLLOWING WEATHER WAS RECORDED YESTERDAY.
  THUNDERSTORM
  HEAVY RAIN
  RAIN
  LIGHT RAIN
  FOG
  HAZE


RELATIVE HUMIDITY (PERCENT)
 HIGHEST    94          1200 AM
 LOWEST     79          1000 AM
 AVERAGE    87

..........................................................


THE CORPUS CHRISTI CLIMATE NORMALS FOR TODAY
                         NORMAL    RECORD    YEAR
 MAXIMUM TEMPERATURE (F)   82        96      1975
 MINIMUM TEMPERATURE (F)   64        49      1921


SUNRISE AND SUNSET
APRIL 18 2015.........SUNRISE   702 AM CDT   SUNSET   757 PM CDT
APRIL 19 2015.........SUNRISE   701 AM CDT   SUNSET   757 PM CDT


-  INDICATES NEGATIVE NUMBERS.
R  INDICATES RECORD WAS SET OR TIED.
MM INDICATES DATA IS MISSING.
T  INDICATES TRACE AMOUNT.




$$
