000
CDUS42 KFFC 250020
CLICSG


CLIMATE REPORT
NATIONAL WEATHER SERVICE PEACHTREE CITY GA
820 PM EDT FRI APR 24 2015


...................................

...THE COLUMBUS CLIMATE SUMMARY FOR APRIL 24 2015...
VALID AS OF 0800 PM LOCAL TIME.

CLIMATE NORMAL PERIOD 1981 TO 2010
CLIMATE RECORD PERIOD 1948 TO 2015


WEATHER ITEM   OBSERVED TIME   RECORD YEAR NORMAL DEPARTURE LAST
                VALUE   (LST)  VALUE       VALUE  FROM      YEAR
                                                  NORMAL
..................................................................
TEMPERATURE (F)
 TODAY
  MAXIMUM         80    230 PM  91    1965  79      1       83
  MINIMUM         55    642 AM  38    1986  55      0       49
  AVERAGE         68                        67      1       66

PRECIPITATION (IN)
  TODAY            T             1.04 2010   0.10  -0.10     0.00
  MONTH TO DATE    5.15                      2.91   2.24     8.04
  SINCE MAR 1      7.61                      8.37  -0.76    13.44
  SINCE JAN 1     14.98                     16.66  -1.68    21.76

SNOWFALL (IN)
  TODAY            0.0           0.0  2002   0.0    0.0     MM
                                      2001
                                      2000
  MONTH TO DATE    0.0                       0.0    0.0      0.0
  SINCE MAR 1      0.0                       0.1   -0.1      0.0
  SINCE JUL 1      0.0                       0.4   -0.4      1.2
  SNOW DEPTH       0

DEGREE DAYS
 HEATING
  TODAY            0                         2     -2        0
  MONTH TO DATE   15                        83    -68       79
  SINCE MAR 1    190                       329   -139      391
  SINCE JUL 1   2200                      2106     94     2334

 COOLING
  TODAY            3                         3      0        1
  MONTH TO DATE  102                        54     48       32
  SINCE MAR 1    131                        77     54       32
  SINCE JAN 1    131                        81     50       35
..................................................................


WIND (MPH)
  HIGHEST WIND SPEED    10   HIGHEST WIND DIRECTION     E (90)
  HIGHEST GUST SPEED    14   HIGHEST GUST DIRECTION     E (70)
  AVERAGE WIND SPEED     4.5


SKY COVER
  AVERAGE SKY COVER 0.1


WEATHER CONDITIONS
 THE FOLLOWING WEATHER WAS RECORDED TODAY.
  NO SIGNIFICANT WEATHER WAS OBSERVED.


RELATIVE HUMIDITY (PERCENT)
 HIGHEST    55           200 AM
 LOWEST     26          1100 AM

..........................................................


THE COLUMBUS CLIMATE NORMALS FOR TOMORROW
                         NORMAL    RECORD
 MAXIMUM TEMPERATURE (F)   79        89
 MINIMUM TEMPERATURE (F)   55        39


SUNRISE AND SUNSET
APRIL 24 2015.........SUNRISE   700 AM EDT   SUNSET   816 PM EDT
APRIL 25 2015.........SUNRISE   659 AM EDT   SUNSET   817 PM EDT


-  INDICATES NEGATIVE NUMBERS.
R  INDICATES RECORD WAS SET OR TIED.
MM INDICATES DATA IS MISSING.
T  INDICATES TRACE AMOUNT.




$$
