000
CDUS42 KFFC 010816
CLICSG


CLIMATE REPORT
NATIONAL WEATHER SERVICE PEACHTREE CITY GA
416 AM EDT WED APR 1 2015


...................................

...THE COLUMBUS CLIMATE SUMMARY FOR MARCH 31 2015...

CLIMATE NORMAL PERIOD 1981 TO 2010
CLIMATE RECORD PERIOD 1948 TO 2015


WEATHER ITEM   OBSERVED TIME   RECORD YEAR NORMAL DEPARTURE LAST
                VALUE   (LST)  VALUE       VALUE  FROM      YEAR
                                                  NORMAL
..................................................................
TEMPERATURE (F)
 YESTERDAY
  MAXIMUM         80    510 PM  86    1981  73      7       80
                                      1978
                                      1974
  MINIMUM         49    428 AM  28    1964  49      0       40
                                      1950
  AVERAGE         65                        61      4       60

PRECIPITATION (IN)
  YESTERDAY        0.00          3.82 1961   0.16  -0.16     0.00
  MONTH TO DATE    2.46                      5.46  -3.00     5.40
  SINCE MAR 1      2.46                      5.46  -3.00     5.40
  SINCE JAN 1      9.83                     13.75  -3.92    13.72

SNOWFALL (IN)
  YESTERDAY        0.0           0.0  2002   0.0    0.0      0.0
                                      2001
                                      2000
  MONTH TO DATE    0.0                       0.1   -0.1      0.0
  SINCE MAR 1      0.0                       0.1   -0.1      0.0
  SINCE JUL 1      0.0                       0.4   -0.4      1.2
  SNOW DEPTH       0

DEGREE DAYS
 HEATING
  YESTERDAY        0                         5     -5        5
  MONTH TO DATE  175                       246    -71      312
  SINCE MAR 1    175                       246    -71      312
  SINCE JUL 1   2185                      2023    162     2255

 COOLING
  YESTERDAY        0                         1     -1        0
  MONTH TO DATE   29                        23      6        0
  SINCE MAR 1     29                        23      6        0
  SINCE JAN 1     29                        27      2        3
..................................................................


WIND (MPH)
  HIGHEST WIND SPEED    17   HIGHEST WIND DIRECTION     W (290)
  HIGHEST GUST SPEED    24   HIGHEST GUST DIRECTION     W (290)
  AVERAGE WIND SPEED     5.2


SKY COVER
  AVERAGE SKY COVER 0.4


WEATHER CONDITIONS
 THE FOLLOWING WEATHER WAS RECORDED YESTERDAY.
  NO SIGNIFICANT WEATHER WAS OBSERVED.


RELATIVE HUMIDITY (PERCENT)
 HIGHEST    93           200 AM
 LOWEST     36           400 PM
 AVERAGE    65

..........................................................


THE COLUMBUS CLIMATE NORMALS FOR TODAY
                         NORMAL    RECORD    YEAR
 MAXIMUM TEMPERATURE (F)   73        88      1974
 MINIMUM TEMPERATURE (F)   49        30      1987


SUNRISE AND SUNSET
APRIL  1 2015.........SUNRISE   728 AM EDT   SUNSET   800 PM EDT
APRIL  2 2015.........SUNRISE   727 AM EDT   SUNSET   800 PM EDT


-  INDICATES NEGATIVE NUMBERS.
R  INDICATES RECORD WAS SET OR TIED.
MM INDICATES DATA IS MISSING.
T  INDICATES TRACE AMOUNT.




$$
