000
CDUS43 KUNR 050834
CLICUT


CLIMATE REPORT
NATIONAL WEATHER SERVICE RAPID CITY SD
232 AM MDT TUE MAY 5 2015


...................................

...THE CUSTER COUNTY AIRPORT SD CLIMATE SUMMARY FOR MAY 4 2015...

CLIMATE NORMAL PERIOD 1981 TO 2010
CLIMATE RECORD PERIOD 9999 TO 9999


WEATHER ITEM   OBSERVED TIME   NORMAL DEPARTURE LAST
                VALUE   (LST)  VALUE  FROM      YEAR
                                      NORMAL
......................................................
TEMPERATURE (F)
 YESTERDAY
  MAXIMUM         46    434 PM  57    -11       56
  MINIMUM         37    621 AM  33      4       33
  AVERAGE         42            45     -3       45

PRECIPITATION (IN)
  YESTERDAY        0.21          0.10   0.11     0.00
  MONTH TO DATE    0.28          0.40  -0.12      T
  SINCE MAR 1      2.59          3.53  -0.94     3.27
  SINCE JAN 1      2.99          4.39  -1.40     4.60

DEGREE DAYS
 HEATING
  YESTERDAY       23            20      3       20
  MONTH TO DATE   66            82    -16       77
  SINCE MAR 1   1606          1897   -291     1900
  SINCE JUL 1   7055          7732   -677     7758

 COOLING
  YESTERDAY        0             0      0        0
  MONTH TO DATE    0             0      0        0
  SINCE MAR 1      0             0      0        0
  SINCE JAN 1      0             0      0        0
......................................................


WIND (MPH)
  HIGHEST WIND SPEED    14   HIGHEST WIND DIRECTION    SE (150)
  HIGHEST GUST SPEED    18   HIGHEST GUST DIRECTION    SE (130)
  AVERAGE WIND SPEED     6.6


SKY COVER
  AVERAGE SKY COVER 1.0


WEATHER CONDITIONS
 THE FOLLOWING WEATHER WAS RECORDED YESTERDAY.
  RAIN
  LIGHT RAIN
  FOG


RELATIVE HUMIDITY (PERCENT)
 HIGHEST    92
 LOWEST     49
 AVERAGE    71

..........................................................




SUNRISE AND SUNSET
MAY  5 2015...........SUNRISE   541 AM MDT   SUNSET   802 PM MDT
MAY  6 2015...........SUNRISE   540 AM MDT   SUNSET   803 PM MDT


-  INDICATES NEGATIVE NUMBERS.
R  INDICATES RECORD WAS SET OR TIED.
MM INDICATES DATA IS MISSING.
T  INDICATES TRACE AMOUNT.




$$
