000
CDUS45 KCYS 012140
CLICYS


CLIMATE REPORT
NATIONAL WEATHER SERVICE CHEYENNE WY
340 PM MDT WED APR 1 2015


...................................

...THE CHEYENNE WYOMING AIRPORT CLIMATE SUMMARY FOR APRIL 1 2015...
VALID AS OF 0300 PM LOCAL TIME.

CLIMATE NORMAL PERIOD 1981 TO 2010
CLIMATE RECORD PERIOD 1871 TO 2015


WEATHER ITEM   OBSERVED TIME   RECORD YEAR NORMAL DEPARTURE LAST
                VALUE   (LST)  VALUE       VALUE  FROM      YEAR
                                                  NORMAL
..................................................................
TEMPERATURE (F)
 TODAY
  MAXIMUM         63   1041 AM  76    2012  51     12       51
  MINIMUM         44   1216 AM  -8    1975  27     17       25
  AVERAGE         54                        39     15       38

PRECIPITATION (IN)
  TODAY            T             0.72 1905   0.04  -0.04     0.03
  MONTH TO DATE    T                         0.04  -0.04     0.03
  SINCE MAR 1      0.11                      1.09  -0.98     0.93
  SINCE JAN 1      0.87                      1.89  -1.02     3.09

SNOWFALL (IN)
  TODAY           MM             7.8  1945   0.4   MM        0.3
  MONTH TO DATE   MM                         0.4   MM        0.3
  SINCE JUL 1     34.7                      48.2  -13.5     71.8
  SNOW DEPTH       0

DEGREE DAYS
 HEATING
  TODAY           11                        26    -15       27
  MONTH TO DATE   11                        26    -15       27
  SINCE MAR 1    719                       927   -208      900
  SINCE JUL 1   5365                      5946   -581     6104

 COOLING
  TODAY            0                         0      0        0
  MONTH TO DATE    0                         0      0        0
  SINCE MAR 1      0                         0      0        0
  SINCE JAN 1      0                         0      0        0
..................................................................


WIND (MPH)
  HIGHEST WIND SPEED    25   HIGHEST WIND DIRECTION    NW (310)
  HIGHEST GUST SPEED    34   HIGHEST GUST DIRECTION    NW (320)
  AVERAGE WIND SPEED    10.9


SKY COVER
  AVERAGE SKY COVER 0.2


WEATHER CONDITIONS
 THE FOLLOWING WEATHER WAS RECORDED TODAY.
  LIGHT RAIN


RELATIVE HUMIDITY (PERCENT)
 HIGHEST    40          1200 AM
 LOWEST     25          1100 AM
 AVERAGE    33

..........................................................


THE CHEYENNE WYOMING AIRPORT CLIMATE NORMALS FOR TOMORROW
                         NORMAL    RECORD    YEAR
 MAXIMUM TEMPERATURE (F)   51        74      2011
                                             1882
 MINIMUM TEMPERATURE (F)   28        -6      1975
                                             1936


SUNRISE AND SUNSET
APRIL  1 2015.........SUNRISE   643 AM MDT   SUNSET   724 PM MDT
APRIL  2 2015.........SUNRISE   641 AM MDT   SUNSET   725 PM MDT


-  INDICATES NEGATIVE NUMBERS.
R  INDICATES RECORD WAS SET OR TIED.
MM INDICATES DATA IS MISSING.
T  INDICATES TRACE AMOUNT.




$$
