000
CDUS41 KILN 060608
CLIDAY


CLIMATE REPORT
NATIONAL WEATHER SERVICE WILMINGTON OH
207 AM EDT WED MAY 6 2015


...................................

...THE DAYTON OH CLIMATE SUMMARY FOR MAY 5 2015...

CLIMATE NORMAL PERIOD 1981 TO 2010
CLIMATE RECORD PERIOD 1869 TO 2015


WEATHER ITEM   OBSERVED TIME   RECORD YEAR NORMAL DEPARTURE LAST
                VALUE   (LST)  VALUE       VALUE  FROM      YEAR
                                                  NORMAL
..................................................................
TEMPERATURE (F)
 YESTERDAY
  MAXIMUM         82    440 PM  90    1952  69     13       62
                                      1895
  MINIMUM         62    630 AM  30    1907  48     14       47
                                      1900
  AVERAGE         72                        58     14       55

PRECIPITATION (IN)
  YESTERDAY        0.57          1.16 2003   0.15   0.42     0.02
  MONTH TO DATE    0.88                      0.75   0.13     0.02
  SINCE MAR 1     10.05                      8.18   1.87     8.44
  SINCE JAN 1     14.41                     13.13   1.28    13.42

SNOWFALL (IN)
  YESTERDAY        0.0           0.0    MM   0.0    0.0      0.0
  MONTH TO DATE    0.0                       0.0    0.0      0.0
  SINCE MAR 1      5.7                       4.0    1.7      8.2
  SINCE JUL 1     27.7                      23.3    4.4     53.6
  SNOW DEPTH       0

DEGREE DAYS
 HEATING
  YESTERDAY        0                         8     -8       10
  MONTH TO DATE    8                        41    -33       51
  SINCE MAR 1   1139                      1217    -78     1260
  SINCE JUL 1   5702                      5492    210     5859

 COOLING
  YESTERDAY        7                         1      6        0
  MONTH TO DATE   12                         5      7        0
  SINCE MAR 1     16                        15      1        8
  SINCE JAN 1     16                        15      1        8
..................................................................


WIND (MPH)
  RESULTANT WIND SPEED   5   RESULTANT WIND DIRECTION  SW (220)
  HIGHEST WIND SPEED    16   HIGHEST WIND DIRECTION     W (250)
  HIGHEST GUST SPEED    20   HIGHEST GUST DIRECTION     W (250)
  AVERAGE WIND SPEED     6.6



WEATHER CONDITIONS
 THE FOLLOWING WEATHER WAS RECORDED YESTERDAY.
  THUNDERSTORM
  HEAVY RAIN
  RAIN
  LIGHT RAIN
  FOG


RELATIVE HUMIDITY (PERCENT)
 HIGHEST    93           300 AM
 LOWEST     36           400 PM
 AVERAGE    65

..........................................................


THE DAYTON OH CLIMATE NORMALS FOR TODAY
                         NORMAL    RECORD    YEAR
 MAXIMUM TEMPERATURE (F)   69        89      1949
 MINIMUM TEMPERATURE (F)   48        31      1968


SUNRISE AND SUNSET
MAY  6 2015...........SUNRISE   631 AM EDT   SUNSET   836 PM EDT
MAY  7 2015...........SUNRISE   630 AM EDT   SUNSET   837 PM EDT


-  INDICATES NEGATIVE NUMBERS.
R  INDICATES RECORD WAS SET OR TIED.
MM INDICATES DATA IS MISSING.
T  INDICATES TRACE AMOUNT.




$$
