000
CDUS44 KTAE 172133
CLIDHN


CLIMATE REPORT
NATIONAL WEATHER SERVICE TALLAHASSEE FL
533 PM EDT FRI APR 17 2015


...................................

...THE DOTHAN CLIMATE SUMMARY FOR APRIL 17 2015...
VALID TODAY AS OF 0500 PM LOCAL TIME.

CLIMATE NORMAL PERIOD 1981 TO 2010
CLIMATE RECORD PERIOD 1965 TO 2015


WEATHER ITEM   OBSERVED TIME   NORMAL DEPARTURE LAST
                VALUE   (LST)  VALUE  FROM      YEAR
                                      NORMAL
......................................................
TEMPERATURE (F)
 TODAY
  MAXIMUM         69    242 PM  79    -10       68
  MINIMUM         61   1242 AM  53      8       49
  AVERAGE         65            66     -1       59

PRECIPITATION (IN)
  TODAY            0.03          0.12  -0.09      T
  MONTH TO DATE    5.14          2.25   2.89     4.53
  SINCE MAR 1      9.45          8.13   1.32     9.83
  SINCE JAN 1     16.12         17.53  -1.41    17.56

......................................................










-  INDICATES NEGATIVE NUMBERS.
R  INDICATES RECORD WAS SET OR TIED.
MM INDICATES DATA IS MISSING.
T  INDICATES TRACE AMOUNT.




$$
