000
CDUS44 KAMA 271409
CLIDHT


CLIMATE REPORT
NATIONAL WEATHER SERVICE AMARILLO TX
908 AM CDT MON APR 27 2015


...................................

...THE DALHART CLIMATE SUMMARY FOR APRIL 27 2015...
VALID AS OF 0900 AM LOCAL TIME.

CLIMATE NORMAL PERIOD 1981 TO 2010
CLIMATE RECORD PERIOD 1894 TO 2015


WEATHER ITEM   OBSERVED TIME   RECORD YEAR NORMAL DEPARTURE LAST
                VALUE   (LST)  VALUE       VALUE  FROM      YEAR
                                                  NORMAL
..................................................................
TEMPERATURE (F)
 TODAY
  MINIMUM         44    759 AM  28    1994  42      2       45

PRECIPITATION (IN)
  TODAY            0.33          0.66 1949   0.04   0.29      T
  MONTH TO DATE    1.01                      0.95   0.06     0.11
  SINCE MAR 1      1.09                      2.12  -1.03     0.20
  SINCE JAN 1      4.40                      3.04   1.36     0.29

SNOWFALL (IN)
  TODAY            0.0           T    1994   0.1   -0.1      0.0
  MONTH TO DATE    0.0                       1.2   -1.2      1.0
  SINCE MAR 1      0.8                       5.4   -4.6      2.1
  SINCE JUL 1     34.1                      18.9   15.2     17.4
  SNOW DEPTH       0

..................................................................


WIND (MPH)
  RESULTANT WIND SPEED  21   RESULTANT WIND DIRECTION  NE (30)
  HIGHEST WIND SPEED    28   HIGHEST WIND DIRECTION     N (20)
  HIGHEST GUST SPEED    36   HIGHEST GUST DIRECTION     N (10)
  AVERAGE WIND SPEED    21.4


SKY COVER
  AVERAGE SKY COVER 1.0


WEATHER CONDITIONS
 THE FOLLOWING WEATHER WAS RECORDED TODAY.
  RAIN
  LIGHT RAIN
  FOG


RELATIVE HUMIDITY (PERCENT)
 HIGHEST    93          1200 AM
 LOWEST     86           300 AM
 AVERAGE    90

..........................................................


THE DALHART CLIMATE NORMALS FOR TOMORROW
                         NORMAL    RECORD    YEAR
 MAXIMUM TEMPERATURE (F)   73        88      1951
 MINIMUM TEMPERATURE (F)   42        27      2008
                                             1994


SUNRISE AND SUNSET
APRIL 27 2015.........SUNRISE   702 AM CDT   SUNSET   834 PM CDT
APRIL 28 2015.........SUNRISE   701 AM CDT   SUNSET   835 PM CDT


-  INDICATES NEGATIVE NUMBERS.
R  INDICATES RECORD WAS SET OR TIED.
MM INDICATES DATA IS MISSING.
T  INDICATES TRACE AMOUNT.




$$
