000
CDUS45 KTWC 280736 RRA
CLIDUG

CLIMATE REPORT
NATIONAL WEATHER SERVICE TUCSON AZ
1235 AM MST TUE APR 28 2015


...................................

...THE DOUGLAS AZ CLIMATE SUMMARY FOR APRIL 27 2015...

CLIMATE NORMAL PERIOD 1981 TO 2010
CLIMATE RECORD PERIOD 1948 TO 2015


WEATHER ITEM   OBSERVED TIME   RECORD YEAR NORMAL DEPARTURE LAST
                VALUE   (LST)  VALUE       VALUE  FROM      YEAR
                                                  NORMAL
..................................................................
TEMPERATURE (F)
 YESTERDAY
  MAXIMUM         74    418 PM  96    2000  83     -9       75
  MINIMUM         34    551 AM  32    1969  46    -12       41
  AVERAGE         54                        64    -10       58

PRECIPITATION (IN)
  YESTERDAY        0.00          1.34 1985   0.01  -0.01     0.00
  MONTH TO DATE    0.40                      0.21   0.19     0.13
  SINCE OCT 1      4.80                      4.65   0.15     1.39
  SINCE JAN 1      2.83                      2.10   0.73     0.57

DEGREE DAYS
 HEATING
  YESTERDAY       11                         2      9        7
  MONTH TO DATE  138                       132      6      109
  SINCE MAR 1    376                       457    -81      359
  SINCE JUL 1   2214                      2493   -279     2323

 COOLING
  YESTERDAY        0                         2     -2        0
  MONTH TO DATE    0                        20    -20       18
  SINCE MAR 1      4                        21    -17       18
  SINCE JAN 1      4                        21    -17       18
..................................................................


WIND (MPH)
  HIGHEST WIND SPEED    21   HIGHEST WIND DIRECTION     E (80)
  HIGHEST GUST SPEED    26   HIGHEST GUST DIRECTION     E (80)
  AVERAGE WIND SPEED     7.9


SKY COVER
  POSSIBLE SUNSHINE  MM
  AVERAGE SKY COVER 0.1


WEATHER CONDITIONS
 THE FOLLOWING WEATHER WAS RECORDED YESTERDAY.
  NO SIGNIFICANT WEATHER WAS OBSERVED.


RELATIVE HUMIDITY (PERCENT)
 HIGHEST    82
 LOWEST     25
 AVERAGE    54

..........................................................


THE DOUGLAS AZ CLIMATE NORMALS FOR TODAY
                         NORMAL    RECORD    YEAR
 MAXIMUM TEMPERATURE (F)   83        96      1990
 MINIMUM TEMPERATURE (F)   47        30      1975


SUNRISE AND SUNSET
APRIL 28 2015.........SUNRISE   536 AM MST   SUNSET   656 PM MST
APRIL 29 2015.........SUNRISE   535 AM MST   SUNSET   657 PM MST


-  INDICATES NEGATIVE NUMBERS.
R  INDICATES RECORD WAS SET OR TIED.
MM INDICATES DATA IS MISSING.
T  INDICATES TRACE AMOUNT.




$$
