000
CDUS41 KRLX 012119
CLIEKN


CLIMATE REPORT
NATIONAL WEATHER SERVICE CHARLESTON WV
518 PM EDT WED APR 1 2015


...................................

...THE ELKINS WV CLIMATE SUMMARY FOR APRIL 1 2015...
VALID TODAY AS OF 0500 PM LOCAL TIME.

CLIMATE NORMAL PERIOD 1981 TO 2010
CLIMATE RECORD PERIOD 1899 TO 2015


WEATHER ITEM   OBSERVED TIME   RECORD YEAR NORMAL DEPARTURE LAST
                VALUE   (LST)  VALUE       VALUE  FROM      YEAR
                                                  NORMAL
..................................................................
TEMPERATURE (F)
 TODAY
  MAXIMUM         57    352 PM  84    2010  58     -1       74
  MINIMUM         24    637 AM   5    1923  33     -9       27
  AVERAGE         41                        45     -4       51

PRECIPITATION (IN)
  TODAY            0.00          0.95 1944   0.13  -0.13     0.00
  MONTH TO DATE    0.00                      0.13  -0.13     0.00
  SINCE MAR 1      7.37                      4.09   3.28     3.19
  SINCE JAN 1     13.09                     10.42   2.67     9.45

DEGREE DAYS
 HEATING
  TODAY           24                        20      4       14
  MONTH TO DATE   24                        20      4       14
  SINCE MAR 1    825                       800     25      911
  SINCE JUL 1   5456                      5121    335     5434

 COOLING
  TODAY            0                         0      0        0
  MONTH TO DATE    0                         0      0        0
  SINCE MAR 1      0                         0      0        0
  SINCE JAN 1      0                         0      0        0
..................................................................


WIND (MPH)
  HIGHEST WIND SPEED    16   HIGHEST WIND DIRECTION    NW (310)
  HIGHEST GUST SPEED    22   HIGHEST GUST DIRECTION    NW (300)
  AVERAGE WIND SPEED     3.0


SKY COVER
  POSSIBLE SUNSHINE  MM
  AVERAGE SKY COVER 0.1


WEATHER CONDITIONS
 THE FOLLOWING WEATHER WAS RECORDED TODAY.
  NO SIGNIFICANT WEATHER WAS OBSERVED.


RELATIVE HUMIDITY (PERCENT)
 HIGHEST    88           600 AM
 LOWEST     24           200 PM
 AVERAGE    56

..........................................................


THE ELKINS WV CLIMATE NORMALS FOR TOMORROW
                         NORMAL    RECORD    YEAR
 MAXIMUM TEMPERATURE (F)   58        89      2010
 MINIMUM TEMPERATURE (F)   33        14      1907


SUNRISE AND SUNSET
APRIL  1 2015.........SUNRISE   704 AM EDT   SUNSET   743 PM EDT
APRIL  2 2015.........SUNRISE   703 AM EDT   SUNSET   744 PM EDT


-  INDICATES NEGATIVE NUMBERS.
R  INDICATES RECORD WAS SET OR TIED.
MM INDICATES DATA IS MISSING.
T  INDICATES TRACE AMOUNT.




$$
