000
CDUS45 KLKN 260033
CLIEKO


CLIMATE REPORT
NATIONAL WEATHER SERVICE ELKO NV
533 PM PDT SAT APR 25 2015


...................................

...THE ELKO AIRPORT NV CLIMATE SUMMARY FOR APRIL 25 2015...
VALID TODAY AS OF 0500 PM LOCAL TIME.

CLIMATE NORMAL PERIOD 1981 TO 2010
CLIMATE RECORD PERIOD 1888 TO 2015


WEATHER ITEM   OBSERVED TIME   RECORD YEAR NORMAL DEPARTURE LAST
                VALUE   (LST)  VALUE       VALUE  FROM      YEAR
                                                  NORMAL
..................................................................
TEMPERATURE (F)
 TODAY
  MAXIMUM         49    157 PM  84    1910  62    -13       48
  MINIMUM         34    304 AM  14    1899  33      1       38
  AVERAGE         42                        47     -5       43

PRECIPITATION (IN)
  TODAY            0.23          0.70 1888   0.03   0.20     0.52
  MONTH TO DATE    0.73                      0.80  -0.07     0.88
  SINCE OCT 1      3.62                      6.82  -3.20     6.12
  SINCE JAN 1      1.38                      3.76  -2.38     4.51

SNOWFALL (IN)
  TODAY            T             1.4  1983   0.1   -0.1      0.0
  MONTH TO DATE    2.2                       2.9   -0.7      2.6
  SINCE MAR 1      2.9                       8.0   -5.1      7.9
  SINCE JUL 1     12.3                      40.5  -28.2     20.2
  SNOW DEPTH       0

DEGREE DAYS
 HEATING
  TODAY           23                        18      5       22
  MONTH TO DATE  508                       511     -3      472
  SINCE MAR 1   1140                      1320   -180     1230
  SINCE JUL 1   5148                      6488  -1340     5961

 COOLING
  TODAY            0                         0      0        0
  MONTH TO DATE    0                         0      0        0
  SINCE MAR 1      0                         0      0        0
  SINCE JAN 1      0                         0      0        0
..................................................................


WIND (MPH)
  HIGHEST WIND SPEED    21   HIGHEST WIND DIRECTION     W (260)
  HIGHEST GUST SPEED    26   HIGHEST GUST DIRECTION     W (260)



WEATHER CONDITIONS
 THE FOLLOWING WEATHER WAS RECORDED TODAY.
  RAIN
  LIGHT RAIN
  FOG


RELATIVE HUMIDITY (PERCENT)
 HIGHEST    92           400 AM
 LOWEST     60           300 PM
 AVERAGE    76

..........................................................


THE ELKO AIRPORT NV CLIMATE NORMALS FOR TOMORROW
                         NORMAL    RECORD    YEAR
 MAXIMUM TEMPERATURE (F)   63        84      1987
                                             1927
 MINIMUM TEMPERATURE (F)   33        13      1899


SUNRISE AND SUNSET
APRIL 25 2015.........SUNRISE   550 AM PDT   SUNSET   733 PM PDT
APRIL 26 2015.........SUNRISE   548 AM PDT   SUNSET   734 PM PDT


-  INDICATES NEGATIVE NUMBERS.
R  INDICATES RECORD WAS SET OR TIED.
MM INDICATES DATA IS MISSING.
T  INDICATES TRACE AMOUNT.




$$
