000
CDUS44 KEPZ 060934
CLIELP


CLIMATE REPORT
NATIONAL WEATHER SERVICE EL PASO, TX
333 AM MDT WED MAY 6 2015


...................................

...THE EL PASO CLIMATE SUMMARY FOR MAY 5 2015...

CLIMATE NORMAL PERIOD 1981 TO 2010
CLIMATE RECORD PERIOD 1879 TO 2015


WEATHER ITEM   OBSERVED TIME   RECORD YEAR NORMAL DEPARTURE LAST
                VALUE   (LST)  VALUE       VALUE  FROM      YEAR
                                                  NORMAL
..................................................................
TEMPERATURE (F)
 YESTERDAY
  MAXIMUM         80    511 PM  98    1947  84     -4       91
  MINIMUM         57    433 AM  39    1935  57      0       68
  AVERAGE         69                        70     -1       80

PRECIPITATION (IN)
  YESTERDAY        0.00          0.21 1925   0.02  -0.02     0.00
  MONTH TO DATE    0.16                      0.06   0.10     0.00
  SINCE MAR 1      1.01                      0.55   0.46     0.63
  SINCE JAN 1      1.89                      1.41   0.48     0.63

SNOWFALL (IN)
  YESTERDAY        0.0                                       0.0
  MONTH TO DATE    0.0                                       0.0
  SINCE MAR 1      0.0                                       0.0
  SINCE JUL 1      T                                          T
  SNOW DEPTH       0

DEGREE DAYS
 HEATING
  YESTERDAY        0                         1     -1        0
  MONTH TO DATE    0                         5     -5       11
  SINCE MAR 1    241                       367   -126      249
  SINCE JUL 1   2064                      2470   -406     2037

 COOLING
  YESTERDAY        4                         6     -2       15
  MONTH TO DATE   45                        29     16       28
  SINCE MAR 1    171                       121     50      147
  SINCE JAN 1    172                       121     51      154
..................................................................


WIND (MPH)
  HIGHEST WIND SPEED    26   HIGHEST WIND DIRECTION     W (270)
  HIGHEST GUST SPEED    36   HIGHEST GUST DIRECTION     W (260)
  AVERAGE WIND SPEED    13.1


SKY COVER
  POSSIBLE SUNSHINE  MM
  AVERAGE SKY COVER 0.3


WEATHER CONDITIONS
 THE FOLLOWING WEATHER WAS RECORDED YESTERDAY.
  NO SIGNIFICANT WEATHER WAS OBSERVED.


RELATIVE HUMIDITY (PERCENT)
 HIGHEST    86           300 AM
 LOWEST     16           400 PM
 AVERAGE    51

..........................................................


THE EL PASO CLIMATE NORMALS FOR TODAY
                         NORMAL    RECORD    YEAR
 MAXIMUM TEMPERATURE (F)   85        98      1997
                                             1947
 MINIMUM TEMPERATURE (F)   57        38      1930


SUNRISE AND SUNSET
MAY  6 2015...........SUNRISE   616 AM MDT   SUNSET   749 PM MDT
MAY  7 2015...........SUNRISE   615 AM MDT   SUNSET   750 PM MDT


-  INDICATES NEGATIVE NUMBERS.
R  INDICATES RECORD WAS SET OR TIED.
MM INDICATES DATA IS MISSING.
T  INDICATES TRACE AMOUNT.




$$
