000
CDUS46 KOTX 250822
CLIEPH


CLIMATE REPORT
NATIONAL WEATHER SERVICE SPOKANE, WA
122 AM PDT SAT APR 25 2015


...................................

...THE EPHRATA WA AIRPORT CLIMATE SUMMARY FOR APRIL 24 2015...

CLIMATE NORMAL PERIOD 1981 TO 2010
CLIMATE RECORD PERIOD 9999 TO 9999


WEATHER ITEM   OBSERVED TIME   RECORD YEAR NORMAL DEPARTURE LAST
                VALUE   (LST)  VALUE       VALUE  FROM      YEAR
                                                  NORMAL
..................................................................
TEMPERATURE (F)
 YESTERDAY
  MAXIMUM         62    324 PM  94    1977  65     -3       66
  MINIMUM         35    450 AM  27    2008  40     -5       48
  AVERAGE         49                        52     -3       57

PRECIPITATION (IN)
  YESTERDAY        0.00          0.18 1983   0.01  -0.01     0.08
  MONTH TO DATE    0.50                      0.40   0.10     0.70
  SINCE OCT 1      5.60                      5.56   0.04     3.21
  SINCE JAN 1      2.81                      2.73   0.08     2.46

SNOWFALL (IN)
  YESTERDAY       MM

DEGREE DAYS
 HEATING
  YESTERDAY       16                        13      3        8
  MONTH TO DATE  343                       369    -26      307
  SINCE MAR 1    847                      1053   -206      969
  SINCE JUL 1   4541                      5626  -1085     5551

 COOLING
  YESTERDAY        0                         0      0        0
  MONTH TO DATE    0                         0      0        0
  SINCE MAR 1      0                         0      0        0
  SINCE JAN 1      0                         0      0        0
..................................................................


WIND (MPH)
  HIGHEST WIND SPEED    22   HIGHEST WIND DIRECTION    SW (240)
  HIGHEST GUST SPEED    25   HIGHEST GUST DIRECTION    SW (240)
  AVERAGE WIND SPEED     9.4


SKY COVER
  POSSIBLE SUNSHINE  MM
  AVERAGE SKY COVER 0.3


WEATHER CONDITIONS
 THE FOLLOWING WEATHER WAS RECORDED YESTERDAY.
  NO SIGNIFICANT WEATHER WAS OBSERVED.


RELATIVE HUMIDITY (PERCENT)
 HIGHEST    70           500 AM
 LOWEST     20           300 PM
 AVERAGE    45

..........................................................


THE EPHRATA WA AIRPORT CLIMATE NORMALS FOR TODAY
                         NORMAL    RECORD    YEAR
 MAXIMUM TEMPERATURE (F)   66        85      1952
 MINIMUM TEMPERATURE (F)   40        28      1988


SUNRISE AND SUNSET
APRIL 25 2015.........SUNRISE   552 AM PDT   SUNSET   801 PM PDT
APRIL 26 2015.........SUNRISE   550 AM PDT   SUNSET   802 PM PDT


-  INDICATES NEGATIVE NUMBERS.
R  INDICATES RECORD WAS SET OR TIED.
MM INDICATES DATA IS MISSING.
T  INDICATES TRACE AMOUNT.




$$
