000
CDUS42 KMHX 182126
CLIEWN


CLIMATE REPORT
NATIONAL WEATHER SERVICE NEWPORT/MOREHEAD CITY NC
525 PM EDT SAT APR 18 2015


...................................

...THE NEW BERN NC CLIMATE SUMMARY FOR APRIL 18 2015...
VALID TODAY AS OF 0500 PM LOCAL TIME.

CLIMATE NORMAL PERIOD 1981 TO 2010
CLIMATE RECORD PERIOD 1948 TO 2015


WEATHER ITEM   OBSERVED TIME   RECORD YEAR NORMAL DEPARTURE LAST
                VALUE   (LST)  VALUE       VALUE  FROM      YEAR
                                                  NORMAL
..................................................................
TEMPERATURE (F)
 TODAY
  MAXIMUM         77    935 AM  90    2002  74      3       66
                                      1981
  MINIMUM         63    421 AM  32    2001  51     12       45
  AVERAGE         70                        62      8       56

PRECIPITATION (IN)
  TODAY            T             1.28 1978   0.11  -0.11     0.26
  MONTH TO DATE    1.02                      1.88  -0.86     1.70
  SINCE MAR 1      4.58                      6.27  -1.69     6.30
  SINCE JAN 1     12.95                     13.95  -1.00    12.83

SNOWFALL (IN)
  TODAY            0.0
  MONTH TO DATE    0.0
  SINCE NOV 1      3.0
  SINCE JUL 1      3.0
  SNOW DEPTH       0

DEGREE DAYS
 HEATING
  TODAY            0                         4     -4        9
  MONTH TO DATE   50                       111    -61       66
  SINCE MAR 1    402                       480    -78      524
  SINCE JUL 1   2645                      2626     19     2598

 COOLING
  TODAY            5                         2      3        0
  MONTH TO DATE   48                        26     22       43
  SINCE MAR 1     71                        37     34       46
  SINCE JAN 1     78                        40     38       51
..................................................................


WIND (MPH)
  HIGHEST WIND SPEED     8   HIGHEST WIND DIRECTION     S (190)
  HIGHEST GUST SPEED    11   HIGHEST GUST DIRECTION     S (170)
  AVERAGE WIND SPEED     2.0


SKY COVER
  POSSIBLE SUNSHINE  MM
  AVERAGE SKY COVER 0.6


WEATHER CONDITIONS
 THE FOLLOWING WEATHER WAS RECORDED TODAY.
  LIGHT RAIN
  FOG


RELATIVE HUMIDITY (PERCENT)
 HIGHEST    93          1200 AM
 LOWEST     69          1000 AM
 AVERAGE    81

..........................................................


THE NEW BERN NC CLIMATE NORMALS FOR TOMORROW
                         NORMAL    RECORD    YEAR
 MAXIMUM TEMPERATURE (F)   75        91      1985
 MINIMUM TEMPERATURE (F)   51        31      2001


SUNRISE AND SUNSET
APRIL 18 2015.........SUNRISE   633 AM EDT   SUNSET   743 PM EDT
APRIL 19 2015.........SUNRISE   631 AM EDT   SUNSET   744 PM EDT


-  INDICATES NEGATIVE NUMBERS.
R  INDICATES RECORD WAS SET OR TIED.
MM INDICATES DATA IS MISSING.
T  INDICATES TRACE AMOUNT.




$$
