000
CDUS43 KIND 040535
CLIEYE


CLIMATE REPORT
NATIONAL WEATHER SERVICE INDIANAPOLIS IN
135 AM EDT MON MAY 4 2015


...................................

...THE INDIANAPOLIS EAGLE CREEK IN CLIMATE SUMMARY FOR MAY 3 2015...

CLIMATE NORMAL PERIOD 1981 TO 2010
CLIMATE RECORD PERIOD 9999 TO 9999


WEATHER ITEM   OBSERVED TIME   NORMAL DEPARTURE LAST
                VALUE   (LST)  VALUE  FROM      YEAR
                                      NORMAL
......................................................
TEMPERATURE (F)
 YESTERDAY
  MAXIMUM         78    446 PM  68     10       67
  MINIMUM         51    543 AM  49      2       46
  AVERAGE         65            59      6       57

PRECIPITATION (IN)
  YESTERDAY        0.00          0.22  -0.22     0.00
  MONTH TO DATE    0.00          0.65  -0.65     0.00
  SINCE MAR 1      8.13          7.85   0.28     7.66
  SINCE JAN 1     10.61         12.19  -1.58    12.04

DEGREE DAYS
 HEATING
  YESTERDAY        0             7     -7        8
  MONTH TO DATE   13            22     -9       41
  SINCE MAR 1   1165          1092     73     1293
  SINCE JUL 1   5851          5217    634     6119

 COOLING
  YESTERDAY        0             1     -1        0
  MONTH TO DATE    0             3     -3        0
  SINCE MAR 1      4            18    -14        5
  SINCE JAN 1      4            18    -14        5
......................................................


WIND (MPH)
  HIGHEST WIND SPEED    16   HIGHEST WIND DIRECTION     S (200)
  HIGHEST GUST SPEED    21   HIGHEST GUST DIRECTION     S (180)
  AVERAGE WIND SPEED     5.0


SKY COVER
  AVERAGE SKY COVER 0.2


WEATHER CONDITIONS
 THE FOLLOWING WEATHER WAS RECORDED YESTERDAY.
  NO SIGNIFICANT WEATHER WAS OBSERVED.


RELATIVE HUMIDITY (PERCENT)
 HIGHEST    83           400 AM
 LOWEST     29           500 PM
 AVERAGE    56

..........................................................


THE INDIANAPOLIS EAGLE CREEK IN CLIMATE NORMALS FOR TODAY
                         NORMAL
 MAXIMUM TEMPERATURE (F)   69
 MINIMUM TEMPERATURE (F)   49


SUNRISE AND SUNSET
MAY  4 2015...........SUNRISE   642 AM EDT   SUNSET   842 PM EDT
MAY  5 2015...........SUNRISE   641 AM EDT   SUNSET   843 PM EDT


-  INDICATES NEGATIVE NUMBERS.
R  INDICATES RECORD WAS SET OR TIED.
MM INDICATES DATA IS MISSING.
T  INDICATES TRACE AMOUNT.




$$
