000
CDUS42 KKEY 032037
CLIEYW

CLIMATE REPORT
NATIONAL WEATHER SERVICE KEY WEST, FL
432 PM EDT SUN MAY 3 2015

...................................

...THE KEY WEST CLIMATE SUMMARY FOR MAY 3 2015...
VALID TODAY AS OF 0400 PM LOCAL TIME.

CLIMATE NORMAL PERIOD 1981 TO 2010
CLIMATE RECORD PERIOD 1871 TO 2015

WEATHER ITEM   OBSERVED TIME   RECORD YEAR NORMAL DEPARTURE LAST
                VALUE   (LST)  VALUE       VALUE  FROM      YEAR
                                                  NORMAL
..................................................................

TEMPERATURE (F)
 TODAY
  MAXIMUM         82    229 PM  91    1873  83     -1       86
  MINIMUM         74    644 AM  65    1999  74      0       75
  AVERAGE         78                        79     -1       81

PRECIPITATION (IN)
  TODAY            0.00          1.51 1957   0.05  -0.05     0.31
  MONTH TO DATE    0.00                      0.15  -0.15     0.31
  SINCE MAR 1      8.08                      4.25   3.83     4.65
  SINCE JAN 1     11.31                      7.78   3.53    12.25

SNOWFALL (IN)
  TODAY            0.0
  MONTH TO DATE    0.0
  SINCE MAR 1      0.0
  SINCE JUL 1      0.0
  SNOW DEPTH       0

DEGREE DAYS
 HEATING
  TODAY            0                         0      0        0
  MONTH TO DATE    0                         0      0        0
  SINCE MAR 1      0                         7     -7        0
  SINCE JUL 1     27                        73    -46       22

 COOLING
  TODAY           13                        14     -1       16
  MONTH TO DATE   40                        41     -1       53
  SINCE MAR 1    884                       647    237      721
  SINCE JAN 1   1242                       995    247     1147

..................................................................

WIND (MPH)
  HIGHEST WIND SPEED    23   HIGHEST WIND DIRECTION     E (100)
  HIGHEST GUST SPEED    31   HIGHEST GUST DIRECTION     E (100)
  AVERAGE WIND SPEED    15.2

SKY COVER
  POSSIBLE SUNSHINE  MM
  AVERAGE SKY COVER 0.2

WEATHER CONDITIONS
 THE FOLLOWING WEATHER WAS RECORDED TODAY.
  NO SIGNIFICANT WEATHER WAS OBSERVED.

RELATIVE HUMIDITY (PERCENT)
 HIGHEST    69
 LOWEST     54
 AVERAGE    62

..........................................................

THE KEY WEST CLIMATE NORMALS FOR TOMORROW
                         NORMAL    RECORD    YEAR
 MAXIMUM TEMPERATURE (F)   84        90      1956
                                             1950
                                             1880
 MINIMUM TEMPERATURE (F)   74        66      1925
                                             1923

SUNRISE AND SUNSET

MAY  3 2015...........SUNRISE   651 AM EDT   SUNSET   757 PM EDT
MAY  4 2015...........SUNRISE   650 AM EDT   SUNSET   758 PM EDT

-  INDICATES NEGATIVE NUMBERS.
R  INDICATES RECORD WAS SET OR TIED.
MM INDICATES DATA IS MISSING.
T  INDICATES TRACE AMOUNT.

$$
