000
CDAK49 PAFG 180934
CLIFAI

CLIMATE REPORT
NATIONAL WEATHER SERVICE FAIRBANKS AK
134 AM AKDT SAT APR 18 2015

...................................

...THE FAIRBANKS AK CLIMATE SUMMARY FOR APRIL 17 2015...

CLIMATE NORMAL PERIOD 1981 TO 2010
CLIMATE RECORD PERIOD 1904 TO 2015


WEATHER ITEM   OBSERVED TIME   RECORD YEAR NORMAL DEPARTURE LAST
                VALUE   (LST)  VALUE       VALUE  FROM      YEAR
                                                  NORMAL
..................................................................
TEMPERATURE (F)
 YESTERDAY
  MAXIMUM         50   1206 PM  60    1996  46      4       55
  MINIMUM         32    455 AM -16    1963  22     10       26
  AVERAGE         41                        34      7       41

PRECIPITATION (IN)
  YESTERDAY        0.00          0.22 1947   0.01  -0.01      T
  MONTH TO DATE    0.16                      0.14   0.02     0.20
  SINCE MAR 1      0.65                      0.39   0.26     0.41
  SINCE JAN 1      1.28                      1.39  -0.11     1.03

SNOWFALL (IN)
  YESTERDAY        0.0           3.1  1947   0.1   -0.1      0.0
  MONTH TO DATE    2.1                       1.9    0.2      2.9
  SINCE MAR 1     10.2                       6.8    3.4      6.0
  SINCE JUL 1     43.8                      63.1  -19.3     48.9
  SNOW DEPTH       6

DEGREE DAYS
 HEATING
  YESTERDAY       24                        31     -7       24
  MONTH TO DATE  550                       632    -82      664
  SINCE MAR 1   2077                      2292   -215     2240
  SINCE JUL 1  11544                     12682  -1138    11632

 COOLING
  YESTERDAY        0                         0      0        0
  MONTH TO DATE    0                         0      0        0
  SINCE MAR 1      0                         0      0        0
  SINCE JAN 1      0                         0      0        0
..................................................................


WIND (MPH)
  HIGHEST GUST SPEED    18   HIGHEST GUST DIRECTION     S (190)


SKY COVER
  AVERAGE SKY COVER 0.7


WEATHER CONDITIONS
 THE FOLLOWING WEATHER WAS RECORDED YESTERDAY.
  NO SIGNIFICANT WEATHER WAS OBSERVED.


RELATIVE HUMIDITY (PERCENT)
 HIGHEST    78
 LOWEST     23
 AVERAGE    51

..........................................................


THE FAIRBANKS AK CLIMATE NORMALS FOR TODAY
                         NORMAL    RECORD    YEAR
 MAXIMUM TEMPERATURE (F)   46        68      1999
 MINIMUM TEMPERATURE (F)   23       -18      1948


SUNRISE AND SUNSET
APRIL 18 2015..........SUNRISE  606 AM AKDT   SUNSET  938 PM AKDT
APRIL 19 2015..........SUNRISE  603 AM AKDT   SUNSET  942 PM AKDT


-  INDICATES NEGATIVE NUMBERS.
R  INDICATES RECORD WAS SET OR TIED.
MM INDICATES DATA IS MISSING.
T  INDICATES TRACE AMOUNT.

&&

SNOW DEPTH IS MEASURED AT 3AM AKST/4AM AKDT

----------------------------
AVAILABLE DAYLIGHT

AMOUNT OF DAYLIGHT TODAY  (HOUR:MIN)........15:32
GAIN SINCE YESTERDAY........................7 MINUTES
----------------------------

$$
CCC APR 15
