000
CDUS46 KHNX 030821
CLIFAT


CLIMATE REPORT
NATIONAL WEATHER SERVICE SAN JOAQUIN VALLEY, CA
121 AM PDT SUN MAY 3 2015


...................................

...THE FRESNO CA CLIMATE SUMMARY FOR MAY 2 2015...

CLIMATE NORMAL PERIOD 1981 TO 2010
CLIMATE RECORD PERIOD 1887 TO 2015


WEATHER ITEM   OBSERVED TIME   RECORD YEAR NORMAL DEPARTURE
                VALUE   (LST)  VALUE       VALUE  FROM
                                                  NORMAL
...............................................................
TEMPERATURE (F)
 YESTERDAY
  MAXIMUM         91    329 PM 101    1947  80     11
  MINIMUM         61    527 AM  40    1964  53      8
                                      1915
                                      1912
  AVERAGE         76                        67      9

PRECIPITATION (IN)
  YESTERDAY        0.00          0.57 1908   0.03  -0.03
  MONTH TO DATE    0.00                      0.05  -0.05
  SINCE OCT 1      5.84                     10.72  -4.88
  SINCE JAN 1      2.65                      7.25  -4.60

SNOWFALL (IN)
  YESTERDAY        0.0
  MONTH TO DATE    0.0
  SINCE MAR 1      0.0
  SINCE JUL 1      0.0
  SNOW DEPTH       0

DEGREE DAYS
 HEATING
  YESTERDAY        0                               -2
  MONTH TO DATE    0                               -4
  SINCE MAR 1    168                             -237
  SINCE JUL 1   1494                             -823

 COOLING
  YESTERDAY       11                                8
  MONTH TO DATE   23                               17
  SINCE MAR 1    151                               94
  SINCE JAN 1    151                               94
...............................................................


WIND (MPH)
  HIGHEST WIND SPEED    15   HIGHEST WIND DIRECTION    SW (220)
  HIGHEST GUST SPEED    19   HIGHEST GUST DIRECTION    SW (210)
  AVERAGE WIND SPEED     5.0




RELATIVE HUMIDITY (PERCENT)
 HIGHEST    40
 LOWEST      7
 AVERAGE    24

..........................................................


THE FRESNO CA CLIMATE NORMALS FOR TODAY
                         NORMAL    RECORD    YEAR
 MAXIMUM TEMPERATURE (F)   80        99      2004
                                             1947
 MINIMUM TEMPERATURE (F)   53        38      1964


SUNRISE AND SUNSET
MAY  3 2015...........SUNRISE   603 AM PDT   SUNSET   749 PM PDT
MAY  4 2015...........SUNRISE   602 AM PDT   SUNSET   750 PM PDT


-  INDICATES NEGATIVE NUMBERS.
R  INDICATES RECORD WAS SET OR TIED.
MM INDICATES DATA IS MISSING.
T  INDICATES TRACE AMOUNT.




$$
