000
CDUS42 KRAH 030735
CLIFAY


CLIMATE REPORT
NATIONAL WEATHER SERVICE RALEIGH NC
332 AM EDT SUN MAY 3 2015


...................................

...THE FAYETTEVILLE REGL AIRPORT NC CLIMATE SUMMARY FOR MAY 2 2015...

CLIMATE NORMAL PERIOD 1981 TO 2010
CLIMATE RECORD PERIOD 1910 TO 2015


WEATHER ITEM   OBSERVED TIME   RECORD YEAR NORMAL DEPARTURE LAST
                VALUE   (LST)  VALUE       VALUE  FROM      YEAR
                                                  NORMAL
..................................................................
TEMPERATURE (F)
 YESTERDAY
  MAXIMUM         76    442 PM  94    2010  79     -3       69
  MINIMUM         49    551 AM  37    1963  55     -6       57
  AVERAGE         63                        67     -4       63

PRECIPITATION (IN)
  YESTERDAY        0.00          1.42 1989   0.05  -0.05     0.00
  MONTH TO DATE    0.13                      0.11   0.02      T
  SINCE MAR 1      5.49                      6.48  -0.99     7.62
  SINCE JAN 1     13.14                     12.54   0.60    14.34

DEGREE DAYS
 HEATING
  YESTERDAY        2                         2      0        2
  MONTH TO DATE   10                         4      6        2
  SINCE MAR 1    446                       486    -40      606
  SINCE JUL 1   2942                      2711    231     2931

 COOLING
  YESTERDAY        0                         4     -4        0
  MONTH TO DATE    0                         8     -8        6
  SINCE MAR 1     92                        87      5       84
  SINCE JAN 1     92                        91      1       87
..................................................................


WIND (MPH)
  HIGHEST WIND SPEED    16   HIGHEST WIND DIRECTION     N (20)
  HIGHEST GUST SPEED    20   HIGHEST GUST DIRECTION    NE (30)
  AVERAGE WIND SPEED     6.0


SKY COVER
  POSSIBLE SUNSHINE  MM
  AVERAGE SKY COVER 0.2


WEATHER CONDITIONS
 THE FOLLOWING WEATHER WAS RECORDED YESTERDAY.
  NO SIGNIFICANT WEATHER WAS OBSERVED.


RELATIVE HUMIDITY (PERCENT)
 HIGHEST    96           100 AM
 LOWEST     33           500 PM
 AVERAGE    65

..........................................................


THE FAYETTEVILLE REGL AIRPORT NC CLIMATE NORMALS FOR TODAY
                         NORMAL    RECORD    YEAR
 MAXIMUM TEMPERATURE (F)   79        95      1913
 MINIMUM TEMPERATURE (F)   55        38      1981


SUNRISE AND SUNSET
MAY  3 2015...........SUNRISE   623 AM EDT   SUNSET   802 PM EDT
MAY  4 2015...........SUNRISE   622 AM EDT   SUNSET   803 PM EDT


-  INDICATES NEGATIVE NUMBERS.
R  INDICATES RECORD WAS SET OR TIED.
MM INDICATES DATA IS MISSING.
T  INDICATES TRACE AMOUNT.




$$
