000
CDUS43 KFGF 192152
CLIFGF


CLIMATE REPORT
NATIONAL WEATHER SERVICE EASTERN NORTH DAKOTA/GRAND FORKS
450 PM CDT SUN APR 19 2015


...................................

...THE GRAND FORKS UNIV. (NWS) ND CLIMATE SUMMARY FOR APRIL 19 2015...
VALID TODAY AS OF 0400 PM LOCAL TIME.

CLIMATE NORMAL PERIOD 1981 TO 2010
CLIMATE RECORD PERIOD 1890 TO 2015


WEATHER ITEM   OBSERVED TIME   RECORD YEAR NORMAL DEPARTURE LAST
                VALUE   (LST)  VALUE       VALUE  FROM      YEAR
                                                  NORMAL
..................................................................
TEMPERATURE (F)
 TODAY
  MAXIMUM         60        MM  84    1985  57      3       64
                                      1952
  MINIMUM         41        MM   7    1928  33      8       39
  AVERAGE         51                        45      6       52

PRECIPITATION (IN)
  TODAY            0.40          1.32   MM   0.03   0.37      T
  MONTH TO DATE    0.48                      0.54  -0.06     0.16
  SINCE MAR 1      0.82                      1.56  -0.74     1.27
  SINCE JAN 1      1.35                      2.86  -1.51     2.00

SNOWFALL (IN)
  TODAY            0.0           3.5    MM   0.0    0.0      0.0
  MONTH TO DATE    0.3                       0.8   -0.5      1.1
  SINCE MAR 1      3.0                       7.2   -4.2     14.6
  SINCE JUL 1     19.3                      42.5  -23.2     60.3
  SNOW DEPTH       0

DEGREE DAYS
 HEATING
  TODAY           14                        20     -6       13
  MONTH TO DATE  381                       473    -92      580
  SINCE MAR 1   1408                      1679   -271     2016
  SINCE JUL 1   8257                      8639   -382     9762

 COOLING
  TODAY            0                         0      0        0
  MONTH TO DATE    0                         0      0        0
  SINCE MAR 1      0                         0      0        0
  SINCE JAN 1      0                         0      0        0
..................................................................


WIND (MPH)
  HIGHEST WIND SPEED    MM   HIGHEST WIND DIRECTION    MM
  HIGHEST GUST SPEED    MM   HIGHEST GUST DIRECTION    MM
  AVERAGE WIND SPEED    MM


SKY COVER
  POSSIBLE SUNSHINE  MM
  AVERAGE SKY COVER  MM


WEATHER CONDITIONS
 THE FOLLOWING WEATHER WAS RECORDED TODAY.
  NO SIGNIFICANT WEATHER WAS OBSERVED.


RELATIVE HUMIDITY (PERCENT)
 HIGHEST    MM
 LOWEST     MM
 AVERAGE    MM

..........................................................


THE GRAND FORKS UNIV. (NWS) ND CLIMATE NORMALS FOR TOMORROW
                         NORMAL    RECORD    YEAR
 MAXIMUM TEMPERATURE (F)   58        89      1980
 MINIMUM TEMPERATURE (F)   34        18      2013
                                             1938


SUNRISE AND SUNSET
APRIL 19 2015.........SUNRISE   632 AM CDT   SUNSET   824 PM CDT
APRIL 20 2015.........SUNRISE   630 AM CDT   SUNSET   825 PM CDT


-  INDICATES NEGATIVE NUMBERS.
R  INDICATES RECORD WAS SET OR TIED.
MM INDICATES DATA IS MISSING.
T  INDICATES TRACE AMOUNT.




$$
