000
CDUS45 KFGZ 180752
CLIFLG
CLIMATE REPORT
NATIONAL WEATHER SERVICE FLAGSTAFF, AZ
1251 AM MST SAT APR 18 2015


...................................

...THE FLAGSTAFF AZ AIRPORT CLIMATE SUMMARY FOR APRIL 17 2015...

CLIMATE NORMAL PERIOD 1981 TO 2010
CLIMATE RECORD PERIOD 1898 TO 2015


WEATHER ITEM   OBSERVED TIME   RECORD YEAR NORMAL DEPARTURE LAST
                VALUE   (LST)  VALUE       VALUE  FROM      YEAR
                                                  NORMAL
..................................................................
TEMPERATURE (F)
 YESTERDAY
  MAXIMUM         49   1214 PM  77    1946  59    -10       69
  MINIMUM         18    623 AM  15    2009  29    -11       27
  AVERAGE         34                        44    -10

PRECIPITATION (IN)
  YESTERDAY        0.03          1.67 1917   0.04  -0.01     0.00
  MONTH TO DATE    0.03                      0.76  -0.73     0.33
  SINCE SEP 1     15.90                     14.76   1.14     9.28
  SINCE JAN 1      8.07                      7.09   0.98     2.17

SNOWFALL (IN)
  YESTERDAY        T            10.0  1988   0.2             0.0
  MONTH TO DATE    T                         4.6             3.6
  SINCE JUL 1     56.2                      98.5            38.5
  SNOW DEPTH       T

DEGREE DAYS
 HEATING
  YESTERDAY       31                        21     10       17
  MONTH TO DATE  380                       397    -17      381
  SINCE JUL 1   5138                      6104   -966     5743

 COOLING
  YESTERDAY        0                         0      0        0
  MONTH TO DATE    0                         0      0        0
  SINCE JAN 1      0                         0      0        0
..................................................................


WIND (MPH)
  HIGHEST WIND SPEED    15   HIGHEST WIND DIRECTION     W (250)
  HIGHEST GUST SPEED    23   HIGHEST GUST DIRECTION    NW (330)
  AVERAGE WIND SPEED     3.9


SKY COVER
  POSSIBLE SUNSHINE  MM
  AVERAGE SKY COVER 0.4


WEATHER CONDITIONS
 THE FOLLOWING WEATHER WAS RECORDED YESTERDAY.
  LIGHT SNOW
  FOG


RELATIVE HUMIDITY (PERCENT)
 HIGHEST   100           500 AM
 LOWEST     34          1200 PM
 AVERAGE    67

..........................................................


THE FLAGSTAFF AZ AIRPORT CLIMATE NORMALS FOR TODAY
                         NORMAL    RECORD    YEAR
 MAXIMUM TEMPERATURE (F)   59        79      1989
 MINIMUM TEMPERATURE (F)   29        15      2013


SUNRISE AND SUNSET
APRIL 18 2015.........SUNRISE   551 AM MST   SUNSET   702 PM MST
APRIL 19 2015.........SUNRISE   550 AM MST   SUNSET   702 PM MST


-  INDICATES NEGATIVE NUMBERS.
R  INDICATES RECORD WAS SET OR TIED.
MM INDICATES DATA IS MISSING.
T  INDICATES TRACE AMOUNT.




$$


&&

-------------------------------------------------------------------
SNOW DEPTH DATA FOR FLAGSTAFF AIRPORT IS REPORTED AT 5 AM MST


-------------------------------------------------------------------
SUPPLEMENTARY CLIMATE DATA FOR NWS BELLEMONT, ARIZONA

SNOW DEPTH (IN) AT 11 AM........................................ 0
WATER EQUIVALENT OF SNOW PACK (IN) AT 11 AM*...................
* ONLY MEASURED IF SNOW DEPTH IS 2.0 INCHES OR GREATER
-------------------------------------------------------------------
