000
CDUS44 KTSA 010801
CLIFSM

CLIMATE REPORT
NATIONAL WEATHER SERVICE TULSA OK
147 AM CDT WED APR 1 2015


...................................

...THE FORT SMITH ARKANSAS CLIMATE SUMMARY FOR MARCH 31 2015...

CLIMATE NORMAL PERIOD 1981 TO 2010
CLIMATE RECORD PERIOD 1882 TO 2015


WEATHER ITEM   OBSERVED TIME   RECORD YEAR NORMAL DEPARTURE LAST
                VALUE   (LST)  VALUE       VALUE  FROM      YEAR
                                                  NORMAL
..................................................................
TEMPERATURE (F)
 YESTERDAY
  MAXIMUM         86    413 PM  94    1974  69     17       69
  MINIMUM         55    628 AM  24    1987  45     10       50
  AVERAGE         71                        57     14       60

PRECIPITATION (IN)
  YESTERDAY        0.00          1.30 1968   0.14  -0.14     0.11
  MONTH TO DATE    4.50                      3.85   0.65     3.85
  SINCE MAR 1      4.50                      3.85   0.65     3.85
  SINCE JAN 1      9.11                      9.42  -0.31     5.62

SNOWFALL (IN)
  YESTERDAY        0.0                                       0.0
  MONTH TO DATE    1.0                                       0.5
  SINCE MAR 1      1.0                                       0.5
  SINCE JUL 1      6.6                                      10.7

DEGREE DAYS
 HEATING
  YESTERDAY        0                         9     -9        5
  MONTH TO DATE  391                       387      4      459
  SINCE MAR 1    391                       386      5      459
  SINCE JUL 1   3205                      3059    146     3404

 COOLING
  YESTERDAY        6                         1      5        0
  MONTH TO DATE   15                        11      4        0
  SINCE MAR 1     15                        11      4        0
  SINCE JAN 1     15                        12      3        0
..................................................................


WIND (MPH)
  HIGHEST WIND SPEED    15   HIGHEST WIND DIRECTION    SW (210)
  HIGHEST GUST SPEED    20   HIGHEST GUST DIRECTION     W (270)
  AVERAGE WIND SPEED     4.5


SKY COVER
  POSSIBLE SUNSHINE  MM
  AVERAGE SKY COVER 0.1


WEATHER CONDITIONS
 THE FOLLOWING WEATHER WAS RECORDED YESTERDAY.
  NO SIGNIFICANT WEATHER WAS OBSERVED.


RELATIVE HUMIDITY (PERCENT)
 HIGHEST    86           700 AM
 LOWEST     37           200 PM
 AVERAGE    62

..........................................................


THE FORT SMITH ARKANSAS CLIMATE NORMALS FOR TODAY
                         NORMAL    RECORD    YEAR
 MAXIMUM TEMPERATURE (F)   70        92      1946
 MINIMUM TEMPERATURE (F)   45        26      1954


SUNRISE AND SUNSET
APRIL  1 2015.........SUNRISE   704 AM CDT   SUNSET   739 PM CDT
APRIL  2 2015.........SUNRISE   703 AM CDT   SUNSET   740 PM CDT


-  INDICATES NEGATIVE NUMBERS.
R  INDICATES RECORD WAS SET OR TIED.
MM INDICATES DATA IS MISSING.
T  INDICATES TRACE AMOUNT.




$$

&&
...........................................................

THE ARKANSAS RIVER AT VAN BUREN

                   OBSERVED      24 HOUR     24 HOUR
                    VALUE        CHANGE      FORECAST

 STAGE (FEET)
  THIS MORNING       19.3         +0.3

MEAN FLOW (CFS)
  TODAY                                        17000
...........................................................
ALL DATA MEASURED AT THE FORT SMITH REGIONAL AIRPORT
