000
CDUS46 KSGX 211417
CLIFUL


CLIMATE REPORT
NATIONAL WEATHER SERVICE SAN DIEGO, CA
717 AM PDT TUE APR 21 2015


...................................

...THE FULLERTON AIRPORT CA CLIMATE SUMMARY FOR APRIL 20 2015...

CLIMATE NORMAL PERIOD 1981 TO 2010
CLIMATE RECORD PERIOD 1998 TO 2015


WEATHER ITEM   OBSERVED TIME   RECORD YEAR NORMAL DEPARTURE LAST
                VALUE   (LST)  VALUE       VALUE  FROM      YEAR
                                                  NORMAL
..................................................................
TEMPERATURE (F)
 YESTERDAY
  MAXIMUM         72    207 PM 100    2009  73     -1       78
  MINIMUM         60   1159 PM  49    2007  53      7       58
  AVERAGE         66                        63      3       68

PRECIPITATION (IN)
  YESTERDAY        0.00          0.46 2007   0.04  -0.04     0.00
  MONTH TO DATE    0.21                      0.58  -0.37     0.22
  SINCE OCT 1      5.54                     12.92  -7.38     4.57
  SINCE JAN 1      1.72                      9.02  -7.30     3.26

SNOWFALL (IN)
  YESTERDAY        0.0
  MONTH TO DATE    0.0
  SINCE MAR 1      0.0
  SINCE JUL 1      0.0
  SNOW DEPTH       0

DEGREE DAYS
 HEATING
  YESTERDAY        0                         3     -3        0
  MONTH TO DATE   18                        77    -59       31
  SINCE MAR 1     51                       247   -196       84
  SINCE JUL 1    414                      1169   -755      582

 COOLING
  YESTERDAY        1                         1      0        3
  MONTH TO DATE   43                        17     26       51
  SINCE MAR 1    193                        30    163       86
  SINCE JAN 1    244                        39    205      106
..................................................................


WIND (MPH)
  RESULTANT WIND SPEED   4   RESULTANT WIND DIRECTION   S (190)
  HIGHEST WIND SPEED    14   HIGHEST WIND DIRECTION     S (190)
  HIGHEST GUST SPEED    20   HIGHEST GUST DIRECTION     S (190)
  AVERAGE WIND SPEED     5.4


SKY COVER
  POSSIBLE SUNSHINE  MM
  AVERAGE SKY COVER 0.5


WEATHER CONDITIONS
 THE FOLLOWING WEATHER WAS RECORDED YESTERDAY.
  NO SIGNIFICANT WEATHER WAS OBSERVED.


RELATIVE HUMIDITY (PERCENT)
 HIGHEST    84           100 AM
 LOWEST     44          1200 PM
 AVERAGE    64

..........................................................


THE FULLERTON AIRPORT CA CLIMATE NORMALS FOR TODAY
                         NORMAL    RECORD    YEAR
 MAXIMUM TEMPERATURE (F)   74        94      2009
 MINIMUM TEMPERATURE (F)   53        46      2007


SUNRISE AND SUNSET
APRIL 21 2015.........SUNRISE   614 AM PDT   SUNSET   728 PM PDT
APRIL 22 2015.........SUNRISE   613 AM PDT   SUNSET   728 PM PDT


-  INDICATES NEGATIVE NUMBERS.
R  INDICATES RECORD WAS SET OR TIED.
MM INDICATES DATA IS MISSING.
T  INDICATES TRACE AMOUNT.




$$
