000
CDUS43 KUNR 060847
CLIGCC


CLIMATE REPORT
NATIONAL WEATHER SERVICE RAPID CITY SD
247 AM MDT WED MAY 6 2015


...................................

...THE GILLETTE AIRPORT WY CLIMATE SUMMARY FOR MAY 5 2015...

CLIMATE NORMAL PERIOD 1981 TO 2010
CLIMATE RECORD PERIOD 9999 TO 9999


WEATHER ITEM   OBSERVED TIME   NORMAL DEPARTURE LAST
                VALUE   (LST)  VALUE  FROM      YEAR
                                      NORMAL
......................................................
TEMPERATURE (F)
 YESTERDAY
  MAXIMUM         69    301 PM  62      7       73
  MINIMUM         42    440 AM  37      5       34
  AVERAGE         56            50      6       54

PRECIPITATION (IN)
  YESTERDAY        0.00          0.06  -0.06     0.26
  MONTH TO DATE    0.31          0.34  -0.03     0.26
  SINCE MAR 1      1.96          2.77  -0.81     2.15
  SINCE JAN 1      2.81          3.55  -0.74     3.43

DEGREE DAYS
 HEATING
  YESTERDAY        9            16     -7       11
  MONTH TO DATE   45            82    -37       76
  SINCE MAR 1   1354          1690   -336     1681
  SINCE JUL 1   6444          7098   -654     7326

 COOLING
  YESTERDAY        0             0      0        0
  MONTH TO DATE    0             0      0        0
  SINCE MAR 1      0             0      0        0
  SINCE JAN 1      0             0      0        0
......................................................


WIND (MPH)
  HIGHEST WIND SPEED    30   HIGHEST WIND DIRECTION    SE (150)
  HIGHEST GUST SPEED    36   HIGHEST GUST DIRECTION    SE (140)
  AVERAGE WIND SPEED    20.1


SKY COVER
  AVERAGE SKY COVER 0.1


WEATHER CONDITIONS
 THE FOLLOWING WEATHER WAS RECORDED YESTERDAY.
  NO SIGNIFICANT WEATHER WAS OBSERVED.


RELATIVE HUMIDITY (PERCENT)
 HIGHEST    86           700 AM
 LOWEST     44           300 PM
 AVERAGE    65

..........................................................




SUNRISE AND SUNSET
MAY  6 2015...........SUNRISE   546 AM MDT   SUNSET   812 PM MDT
MAY  7 2015...........SUNRISE   545 AM MDT   SUNSET   813 PM MDT


-  INDICATES NEGATIVE NUMBERS.
R  INDICATES RECORD WAS SET OR TIED.
MM INDICATES DATA IS MISSING.
T  INDICATES TRACE AMOUNT.




$$
