000
CDUS41 KPHI 032132
CLIGED


CLIMATE REPORT
NATIONAL WEATHER SERVICE MOUNT HOLLY NJ
527 PM EDT SUN MAY 3 2015


...................................

...THE GEORGETOWN DE CLIMATE SUMMARY FOR MAY 3 2015...
VALID TODAY AS OF 0500 PM LOCAL TIME.

CLIMATE NORMAL PERIOD 1981 TO 2010
CLIMATE RECORD PERIOD 1948 TO 2015


WEATHER ITEM   OBSERVED TIME   RECORD YEAR NORMAL DEPARTURE LAST
                VALUE   (LST)  VALUE       VALUE  FROM      YEAR
                                                  NORMAL
..................................................................
TEMPERATURE (F)
 TODAY
  MAXIMUM         79    240 PM  90    1965  70      9       73
  MINIMUM         45    305 AM  32    1960  49     -4       48
  AVERAGE         62                        59      3       61

PRECIPITATION (IN)
  TODAY            0.00          1.44 1974   0.09  -0.09     0.00
  MONTH TO DATE    0.24                      0.25  -0.01     0.24
  SINCE MAR 1      6.96                      7.93  -0.97     7.11
  SINCE JAN 1     13.79                     13.64   0.15    14.29

SNOWFALL (IN)
  TODAY           MM            MM      MM  MM     MM       MM
  MONTH TO DATE   MM                        MM     MM       MM
  SINCE MAR 1     MM                        MM     MM       MM
  SINCE JUL 1     MM                        MM     MM       MM
  SNOW DEPTH      MM

DEGREE DAYS
 HEATING
  TODAY            3                         7     -4        4
  MONTH TO DATE   27                        22      5        7
  SINCE MAR 1   1092                      1002     90     1085
  SINCE JUL 1   4580                      4282    298     4440

 COOLING
  TODAY            0                         1     -1        0
  MONTH TO DATE    0                         3     -3        6
  SINCE MAR 1      5                        23    -18       18
  SINCE JAN 1      5                        23    -18       18
..................................................................


WIND (MPH)
  HIGHEST WIND SPEED    16   HIGHEST WIND DIRECTION    SE (130)
  HIGHEST GUST SPEED    20   HIGHEST GUST DIRECTION    SE (130)
  AVERAGE WIND SPEED     6.2


SKY COVER
  POSSIBLE SUNSHINE  MM
  AVERAGE SKY COVER 0.2


WEATHER CONDITIONS
 THE FOLLOWING WEATHER WAS RECORDED TODAY.
  NO SIGNIFICANT WEATHER WAS OBSERVED.


RELATIVE HUMIDITY (PERCENT)
 HIGHEST    93           100 AM
 LOWEST     27           200 PM
 AVERAGE    60

..........................................................


THE GEORGETOWN DE CLIMATE NORMALS FOR TOMORROW
                         NORMAL    RECORD    YEAR
 MAXIMUM TEMPERATURE (F)   70        89      2001
                                             1965
 MINIMUM TEMPERATURE (F)   49        30      1957


SUNRISE AND SUNSET
MAY  3 2015...........SUNRISE   602 AM EDT   SUNSET   755 PM EDT
MAY  4 2015...........SUNRISE   601 AM EDT   SUNSET   756 PM EDT


-  INDICATES NEGATIVE NUMBERS.
R  INDICATES RECORD WAS SET OR TIED.
MM INDICATES DATA IS MISSING.
T  INDICATES TRACE AMOUNT.




$$
