000
CDUS46 KOTX 210829
CLIGEG


CLIMATE REPORT
NATIONAL WEATHER SERVICE SPOKANE, WA
129 AM PDT TUE APR 21 2015


...................................

...THE SPOKANE WA AIRPORT CLIMATE SUMMARY FOR APRIL 20 2015...

CLIMATE NORMAL PERIOD 1981 TO 2010
CLIMATE RECORD PERIOD 1881 TO 2015


WEATHER ITEM   OBSERVED TIME   RECORD YEAR NORMAL DEPARTURE LAST
                VALUE   (LST)  VALUE       VALUE  FROM      YEAR
                                                  NORMAL
..................................................................
TEMPERATURE (F)
 YESTERDAY
  MAXIMUM         72    433 PM  83    1942  58     14       56
  MINIMUM         44    519 AM  21    1927  37      7       35
  AVERAGE         58                        48     10       46

PRECIPITATION (IN)
  YESTERDAY        0.00          0.45 1997   0.04  -0.04     0.00
  MONTH TO DATE    0.51                      0.89  -0.38     0.47
  SINCE OCT 1     10.62                     11.40  -0.78     8.50
  SINCE JAN 1      5.89                      5.62   0.27     6.17

SNOWFALL (IN)
  YESTERDAY        0.0           1.3  2008   0.0    0.0      0.0
  MONTH TO DATE    1.0                       0.9    0.1      0.0
  SINCE MAR 1      1.9                       4.4   -2.5      5.8
  SINCE JUL 1     17.6                      44.7  -27.1     37.6
  SNOW DEPTH       0

DEGREE DAYS
 HEATING
  YESTERDAY        7                        17    -10       19
  MONTH TO DATE  375                       381     -6      357
  SINCE MAR 1    972                      1148   -176     1137
  SINCE JUL 1   5094                      5977   -883     6180

 COOLING
  YESTERDAY        0                         0      0        0
  MONTH TO DATE    0                         0      0        0
  SINCE MAR 1      0                         0      0        0
  SINCE JAN 1      0                         0      0        0
..................................................................


WIND (MPH)
  HIGHEST WIND SPEED    14   HIGHEST WIND DIRECTION     W (250)
  HIGHEST GUST SPEED    18   HIGHEST GUST DIRECTION     W (260)
  AVERAGE WIND SPEED     5.2


SKY COVER
  POSSIBLE SUNSHINE  MM
  AVERAGE SKY COVER 0.5


WEATHER CONDITIONS
 THE FOLLOWING WEATHER WAS RECORDED YESTERDAY.
  NO SIGNIFICANT WEATHER WAS OBSERVED.


RELATIVE HUMIDITY (PERCENT)
 HIGHEST    62           500 AM
 LOWEST     22           300 PM
 AVERAGE    42

..........................................................


THE SPOKANE WA AIRPORT CLIMATE NORMALS FOR TODAY
                         NORMAL    RECORD    YEAR
 MAXIMUM TEMPERATURE (F)   59        87      1906
 MINIMUM TEMPERATURE (F)   37        21      1968


SUNRISE AND SUNSET
APRIL 21 2015.........SUNRISE   551 AM PDT   SUNSET   748 PM PDT
APRIL 22 2015.........SUNRISE   549 AM PDT   SUNSET   750 PM PDT


-  INDICATES NEGATIVE NUMBERS.
R  INDICATES RECORD WAS SET OR TIED.
MM INDICATES DATA IS MISSING.
T  INDICATES TRACE AMOUNT.




$$
