000
CDUS44 KSHV 260750
CLIGGG


CLIMATE REPORT
NATIONAL WEATHER SERVICE SHREVEPORT, LA
247 AM CDT SUN APR 26 2015


...................................

...THE LONGVIEW CLIMATE SUMMARY FOR APRIL 25 2015...

CLIMATE NORMAL PERIOD 1981 TO 2010
CLIMATE RECORD PERIOD 1902 TO 2015


WEATHER ITEM   OBSERVED TIME   RECORD YEAR NORMAL DEPARTURE LAST
                VALUE   (LST)  VALUE       VALUE  FROM      YEAR
                                                  NORMAL
..................................................................
TEMPERATURE (F)
 YESTERDAY
  MAXIMUM         87    432 PM  90    1943  79      8       81
  MINIMUM         63   1145 PM  35    1910  56      7       49
  AVERAGE         75                        67      8       65

PRECIPITATION (IN)
  YESTERDAY        0.01          2.44 1964   0.12  -0.11     0.00
  MONTH TO DATE    5.60                      2.66   2.94     2.29
  SINCE DEC 1     24.95                     18.86   6.09    13.17
  SINCE JAN 1     22.65                     14.37   8.28     9.02

SNOWFALL (IN)
  YESTERDAY        0.0
  MONTH TO DATE    0.0
  SINCE MAR 1      0.2
  SINCE JUL 1      3.1
  SNOW DEPTH       0

DEGREE DAYS
 HEATING
  YESTERDAY        0                         1     -1        0
  MONTH TO DATE   30                        84    -54      107
  SINCE MAR 1    299                       339    -40      455
  SINCE JUL 1   2272                      2243     29     2579

 COOLING
  YESTERDAY       10                         4      6        0
  MONTH TO DATE  125                        65     60       72
  SINCE MAR 1    150                        92     58       82
  SINCE JAN 1    150                       104     46       87
..................................................................


WIND (MPH)
  HIGHEST WIND SPEED    17   HIGHEST WIND DIRECTION     W (260)
  HIGHEST GUST SPEED    22   HIGHEST GUST DIRECTION    SW (210)
  AVERAGE WIND SPEED     8.9


SKY COVER
  POSSIBLE SUNSHINE  MM
  AVERAGE SKY COVER 0.1


WEATHER CONDITIONS
 THE FOLLOWING WEATHER WAS RECORDED YESTERDAY.
  LIGHT RAIN
  FOG
  HAZE


RELATIVE HUMIDITY (PERCENT)
 HIGHEST    93           100 AM
 LOWEST     30           500 PM
 AVERAGE    62

..........................................................


THE LONGVIEW CLIMATE NORMALS FOR TODAY
                         NORMAL    RECORD    YEAR
 MAXIMUM TEMPERATURE (F)   79        90      1939
 MINIMUM TEMPERATURE (F)   56        38      1910


SUNRISE AND SUNSET
APRIL 26 2015.........SUNRISE   638 AM CDT   SUNSET   756 PM CDT
APRIL 27 2015.........SUNRISE   637 AM CDT   SUNSET   757 PM CDT


-  INDICATES NEGATIVE NUMBERS.
R  INDICATES RECORD WAS SET OR TIED.
MM INDICATES DATA IS MISSING.
T  INDICATES TRACE AMOUNT.




$$
