000
CDUS44 KJAN 180856
CLIGLH


CLIMATE REPORT
NATIONAL WEATHER SERVICE JACKSON MS
352 AM CDT SAT APR 18 2015


...................................

...THE GREENVILLE CLIMATE SUMMARY FOR APRIL 17 2015...

CLIMATE NORMAL PERIOD 1981 TO 2010
CLIMATE RECORD PERIOD 1920 TO 2015


WEATHER ITEM   OBSERVED TIME   RECORD YEAR NORMAL DEPARTURE LAST
                VALUE   (LST)  VALUE       VALUE  FROM      YEAR
                                                  NORMAL
..................................................................
TEMPERATURE (F)
 YESTERDAY
  MAXIMUM         77    428 PM  91    1925  75      2       68
  MINIMUM         66    615 AM  36    1951  53     13       41
  AVERAGE         72                        64      8       55

PRECIPITATION (IN)
  YESTERDAY        0.01          0.97 1924   0.15  -0.14      T
  MONTH TO DATE    1.90                      2.88  -0.98     6.12
  SINCE MAR 1      6.51                      7.43  -0.92    11.63
  SINCE JAN 1     12.96                     17.42  -4.46    15.93

SNOWFALL (IN)
  YESTERDAY        0.0

DEGREE DAYS
 HEATING
  YESTERDAY        0                         3     -3       10
  MONTH TO DATE   30                        90    -60      123
  SINCE MAR 1    351                       426    -75      557
  SINCE JUL 1   2838                      2735    103     3164

 COOLING
  YESTERDAY        7                         2      5        0
  MONTH TO DATE   69                        25     44       29
  SINCE MAR 1     76                        42     34       34
  SINCE JAN 1     76                        47     29       34
..................................................................


WIND (MPH)
  HIGHEST WIND SPEED    16   HIGHEST WIND DIRECTION    NE (40)
  HIGHEST GUST SPEED    22   HIGHEST GUST DIRECTION    NE (30)
  AVERAGE WIND SPEED     7.5


SKY COVER
  POSSIBLE SUNSHINE  MM
  AVERAGE SKY COVER 0.6


WEATHER CONDITIONS
 THE FOLLOWING WEATHER WAS RECORDED YESTERDAY.
  RAIN
  LIGHT RAIN
  FOG


RELATIVE HUMIDITY (PERCENT)
 HIGHEST    93           100 AM
 LOWEST     60           400 PM
 AVERAGE    77

..........................................................


THE GREENVILLE CLIMATE NORMALS FOR TODAY
                         NORMAL    RECORD    YEAR
 MAXIMUM TEMPERATURE (F)   75        90      2006
                                             1981
 MINIMUM TEMPERATURE (F)   53        34      1921


SUNRISE AND SUNSET
APRIL 18 2015.........SUNRISE   630 AM CDT   SUNSET   737 PM CDT
APRIL 19 2015.........SUNRISE   629 AM CDT   SUNSET   738 PM CDT


-  INDICATES NEGATIVE NUMBERS.
R  INDICATES RECORD WAS SET OR TIED.
MM INDICATES DATA IS MISSING.
T  INDICATES TRACE AMOUNT.




$$
