000
CDUS45 KMSO 032231
CLIGPI


CLIMATE REPORT
NATIONAL WEATHER SERVICE MISSOULA, MT
430 PM MDT SUN MAY 3 2015


...................................

...THE KALISPELL MT CLIMATE SUMMARY FOR MAY 3 2015...
VALID TODAY AS OF 0400 PM LOCAL TIME.

CLIMATE NORMAL PERIOD 1981 TO 2010
CLIMATE RECORD PERIOD 1894 TO 2015


WEATHER ITEM   OBSERVED TIME   RECORD YEAR NORMAL DEPARTURE LAST
                VALUE   (LST)  VALUE       VALUE  FROM      YEAR
                                                  NORMAL
..................................................................
TEMPERATURE (F)
 TODAY
  MAXIMUM         66    238 PM  82    1966  62      4       52
  MINIMUM         25    532 AM  23    2001  35    -10       39
  AVERAGE         46                        48     -2       46

PRECIPITATION (IN)
  TODAY            0.00          0.84 2007   0.05  -0.05     0.10
  MONTH TO DATE    0.00                      0.14  -0.14     0.10
  SINCE OCT 1     11.62                      8.77   2.85    10.60
  SINCE JAN 1      5.54                      4.77   0.77     6.15

SNOWFALL (IN)
  TODAY            0.0
  MONTH TO DATE    0.0
  SINCE JAN 1     32.9
  SINCE JUL 1     59.4
  SNOW DEPTH       0

DEGREE DAYS
 HEATING
  TODAY           19                        17      2       19
  MONTH TO DATE   44                        52     -8       36
  SINCE MAR 1   1468                      1611   -143     1652
  SINCE JUL 1   6918                      7463   -545     7586

 COOLING
  TODAY            0                         0      0        0
  MONTH TO DATE    0                         0      0        0
  SINCE MAR 1      0                         0      0        0
  SINCE JAN 1      0                         0      0        0
..................................................................


WIND (MPH)
  HIGHEST WIND SPEED     8   HIGHEST WIND DIRECTION     E (90)
  HIGHEST GUST SPEED    13   HIGHEST GUST DIRECTION    SE (120)
  AVERAGE WIND SPEED     3.0


SKY COVER
  POSSIBLE SUNSHINE  MM
  AVERAGE SKY COVER 0.0


WEATHER CONDITIONS
 THE FOLLOWING WEATHER WAS RECORDED TODAY.
  NO SIGNIFICANT WEATHER WAS OBSERVED.


RELATIVE HUMIDITY (PERCENT)
 HIGHEST    81           400 AM
 LOWEST     19           300 PM
 AVERAGE    50

..........................................................


THE KALISPELL MT CLIMATE NORMALS FOR TOMORROW
                         NORMAL    RECORD    YEAR
 MAXIMUM TEMPERATURE (F)   62        81      1897
 MINIMUM TEMPERATURE (F)   35        22      1963


SUNRISE AND SUNSET
MAY  3 2015...........SUNRISE   615 AM MDT   SUNSET   854 PM MDT
MAY  4 2015...........SUNRISE   614 AM MDT   SUNSET   855 PM MDT


-  INDICATES NEGATIVE NUMBERS.
R  INDICATES RECORD WAS SET OR TIED.
MM INDICATES DATA IS MISSING.
T  INDICATES TRACE AMOUNT.




$$
