000
CDUS42 KRAH 060530
CLIGSO


CLIMATE REPORT
NATIONAL WEATHER SERVICE RALEIGH NC
127 AM EDT WED MAY 6 2015


...................................

...THE PIEDMONT TRIAD INTL AIRPORT NC CLIMATE SUMMARY FOR MAY 5 2015...

CLIMATE NORMAL PERIOD 1981 TO 2010
CLIMATE RECORD PERIOD 1903 TO 2015


WEATHER ITEM   OBSERVED TIME   RECORD YEAR NORMAL DEPARTURE LAST
                VALUE   (LST)  VALUE       VALUE  FROM      YEAR
                                                  NORMAL
..................................................................
TEMPERATURE (F)
 YESTERDAY
  MAXIMUM         83    337 PM  91    1928  75      8       77
  MINIMUM         59    607 AM  34    1940  53      6       57
  AVERAGE         71                        64      7       67

PRECIPITATION (IN)
  YESTERDAY        0.00          1.75 2009   0.10  -0.10     0.00
  MONTH TO DATE    1.16                      0.51   0.65     0.00
  SINCE MAR 1      6.38                      7.81  -1.43     8.66
  SINCE JAN 1     11.06                     13.83  -2.77    14.88

DEGREE DAYS
 HEATING
  YESTERDAY        0                         3     -3        0
  MONTH TO DATE   16                        19     -3        8
  SINCE MAR 1    606                       710   -104      818
  SINCE JUL 1   3691                      3565    126     3795

 COOLING
  YESTERDAY        6                         2      4        2
  MONTH TO DATE   10                        10      0        9
  SINCE MAR 1     47                        48     -1       29
  SINCE JAN 1     47                        48     -1       29
..................................................................


WIND (MPH)
  HIGHEST WIND SPEED    14   HIGHEST WIND DIRECTION    SW (240)
  HIGHEST GUST SPEED    18   HIGHEST GUST DIRECTION    SW (240)
  AVERAGE WIND SPEED     7.7


SKY COVER
  POSSIBLE SUNSHINE  MM
  AVERAGE SKY COVER 0.2


WEATHER CONDITIONS
 THE FOLLOWING WEATHER WAS RECORDED YESTERDAY.
  NO SIGNIFICANT WEATHER WAS OBSERVED.


RELATIVE HUMIDITY (PERCENT)
 HIGHEST    80           500 AM
 LOWEST     37           400 PM
 AVERAGE    59

..........................................................


THE PIEDMONT TRIAD INTL AIRPORT NC CLIMATE NORMALS FOR TODAY
                         NORMAL    RECORD    YEAR
 MAXIMUM TEMPERATURE (F)   75        91      1950
 MINIMUM TEMPERATURE (F)   53        36      1973


SUNRISE AND SUNSET
MAY  6 2015...........SUNRISE   622 AM EDT   SUNSET   811 PM EDT
MAY  7 2015...........SUNRISE   621 AM EDT   SUNSET   812 PM EDT


-  INDICATES NEGATIVE NUMBERS.
R  INDICATES RECORD WAS SET OR TIED.
MM INDICATES DATA IS MISSING.
T  INDICATES TRACE AMOUNT.




$$
