000
CDUS42 KGSP 062030
CLIGSP

CLIMATE REPORT
NATIONAL WEATHER SERVICE GREENVILLE-SPARTANBURG SC
430 PM EDT WED MAY 6 2015


...................................

...THE GREENVILLE-SPARTANBURG SC CLIMATE SUMMARY FOR MAY 6 2015...
VALID TODAY AS OF 430 PM LOCAL TIME.

CLIMATE NORMAL PERIOD 1981 TO 2010
CLIMATE RECORD PERIOD 1884 TO 2015


WEATHER ITEM   OBSERVED TIME   RECORD YEAR NORMAL DEPARTURE LAST
                VALUE   (LST)  VALUE       VALUE  FROM      YEAR
                                                  NORMAL
..................................................................
TEMPERATURE (F)
 TODAY
  MAXIMUM         82    321 PM  92    1977  78      4       89
                                      1952
  MINIMUM         54    527 AM  36    1974  54      0       60
  AVERAGE         68                        66      2       75

PRECIPITATION (IN)
  TODAY            0.00          2.42 1984   0.12  -0.12     0.00
  MONTH TO DATE    0.00                      0.73  -0.73     0.00
  SINCE MAR 1      8.27                      8.61  -0.34     9.14
  SINCE JAN 1     15.59                     16.40  -0.81    15.38

SNOWFALL (IN)
  TODAY            0.0           0.0    MM   0.0    0.0      0.0
  MONTH TO DATE    0.0                       0.0    0.0      0.0
  SINCE MAR 1      0.0                       0.9   -0.9       T
  SINCE JUL 1      3.7                       4.7   -1.0      7.2
  SNOW DEPTH       0

DEGREE DAYS
 HEATING
  TODAY            0                         2     -2        0
  MONTH TO DATE    8                        15     -7        9
  SINCE MAR 1    403                       572   -169      622
  SINCE JUL 1   3017                      3021     -4     3181

 COOLING
  TODAY            3                         3      0       10
  MONTH TO DATE   11                        16     -5       26
  SINCE MAR 1     67                        64      3       68
  SINCE JAN 1     67                        64      3       68
..................................................................


WIND (MPH)
  HIGHEST WIND SPEED    15   HIGHEST WIND DIRECTION     E (110)
  HIGHEST GUST SPEED    20   HIGHEST GUST DIRECTION     E (90)
  AVERAGE WIND SPEED     2.4


SKY COVER
  POSSIBLE SUNSHINE  MM
  AVERAGE SKY COVER 0.1


WEATHER CONDITIONS
 THE FOLLOWING WEATHER WAS RECORDED TODAY.
  NO SIGNIFICANT WEATHER WAS OBSERVED.


RELATIVE HUMIDITY (PERCENT)
 HIGHEST    93           500 AM
 LOWEST     36           100 PM
 AVERAGE    65

..........................................................


THE GREENVILLE-SPARTANBURG SC CLIMATE NORMALS FOR TOMORROW
                         NORMAL    RECORD    YEAR
 MAXIMUM TEMPERATURE (F)   78        94      1940
 MINIMUM TEMPERATURE (F)   54        35      1989


SUNRISE AND SUNSET
MAY  6 2015...........SUNRISE   633 AM EDT   SUNSET   818 PM EDT
MAY  7 2015...........SUNRISE   633 AM EDT   SUNSET   819 PM EDT


-  INDICATES NEGATIVE NUMBERS.
R  INDICATES RECORD WAS SET OR TIED.
MM INDICATES DATA IS MISSING.
T  INDICATES TRACE AMOUNT.




$$
