000
CDUS41 KGYX 010802
CLIGYX


CLIMATE REPORT
NATIONAL WEATHER SERVICE GRAY ME
402 AM EDT WED APR 1 2015


...................................

...THE GRAY ME CLIMATE SUMMARY FOR MARCH 31 2015...

CLIMATE NORMAL PERIOD 1981 TO 2010
CLIMATE RECORD PERIOD 1995 TO 2015


WEATHER ITEM   OBSERVED TIME   RECORD YEAR NORMAL DEPARTURE LAST
                VALUE   (LST)  VALUE       VALUE  FROM      YEAR
                                                  NORMAL
..................................................................
TEMPERATURE (F)
 YESTERDAY
  MAXIMUM         45        MM  86    1998  47     -2       38
  MINIMUM         27        MM  MM      MM  29     -2       30
  AVERAGE         36                        38     -2       34

PRECIPITATION (IN)
  YESTERDAY        0.00         MM      MM   0.13  -0.13     0.44
  MONTH TO DATE    1.52                      4.17  -2.65     3.88
  SINCE MAR 1      1.52                      4.17  -2.65     3.88
  SINCE JAN 1      7.49                     11.01  -3.52    10.87

SNOWFALL (IN)
  YESTERDAY        0.0          MM      MM   0.4   -0.4      0.1
  MONTH TO DATE    5.2                      19.9  -14.7      7.7
  SINCE MAR 1      5.2                      19.9  -14.7      7.7
  SINCE JUL 1    104.3                      79.0   25.3     81.8
  SNOW DEPTH      12

DEGREE DAYS
 HEATING
  YESTERDAY       29                        27      2       31
  MONTH TO DATE 1135                       993    142     1226
  SINCE MAR 1   1135                       993    142     1226
  SINCE JUL 1   6611                      6151    460     6636

 COOLING
  YESTERDAY        0                         0      0        0
  MONTH TO DATE    0                         0      0        0
  SINCE MAR 1      0                         0      0        0
  SINCE JAN 1      0                         0      0        0
..................................................................







THE GRAY ME CLIMATE NORMALS FOR TODAY
                         NORMAL
 MAXIMUM TEMPERATURE (F)   47
 MINIMUM TEMPERATURE (F)   29


SUNRISE AND SUNSET
APRIL  1 2015.........SUNRISE   623 AM EDT   SUNSET   708 PM EDT
APRIL  2 2015.........SUNRISE   621 AM EDT   SUNSET   709 PM EDT


-  INDICATES NEGATIVE NUMBERS.
R  INDICATES RECORD WAS SET OR TIED.
MM INDICATES DATA IS MISSING.
T  INDICATES TRACE AMOUNT.




$$
