000
CDUS44 KJAN 182113
CLIHBG


CLIMATE REPORT
NATIONAL WEATHER SERVICE JACKSON MS
412 PM CDT SAT APR 18 2015


...................................

...THE HATTIESBURG CLIMATE SUMMARY FOR APRIL 18 2015...
VALID TODAY AS OF 0400 PM LOCAL TIME.

CLIMATE NORMAL PERIOD 1981 TO 2010
CLIMATE RECORD PERIOD 1948 TO 2015


WEATHER ITEM   OBSERVED TIME   RECORD YEAR NORMAL DEPARTURE LAST
                VALUE   (LST)  VALUE       VALUE  FROM      YEAR
                                                  NORMAL
..................................................................
TEMPERATURE (F)
 TODAY
  MAXIMUM         79    259 PM  93    2006  79      0       65
  MINIMUM         65    652 AM  35    1997  53     12       54
  AVERAGE         72                        66      6       60

PRECIPITATION (IN)
  TODAY            0.08          1.46 1973   0.15  -0.07     0.54
  MONTH TO DATE    2.94                      3.14  -0.20     4.52
  SINCE MAR 1      8.65                      8.64   0.01    10.89
  SINCE JAN 1     16.48                     19.77  -3.29    20.79

SNOWFALL (IN)
  TODAY            0.0

DEGREE DAYS
 HEATING
  TODAY            0                         2     -2        5
  MONTH TO DATE   11                        67    -56       70
  SINCE MAR 1    127                       284   -157      342
  SINCE JUL 1   1908                      1962    -54     2265

 COOLING
  TODAY            7                         3      4        0
  MONTH TO DATE  135                        44     91       30
  SINCE MAR 1    227                        77    150       39
  SINCE JAN 1    233                        92    141       56
..................................................................


WIND (MPH)
  HIGHEST WIND SPEED    13   HIGHEST WIND DIRECTION    SE (140)
  HIGHEST GUST SPEED    15   HIGHEST GUST DIRECTION    SE (140)
  AVERAGE WIND SPEED     5.0


SKY COVER
  POSSIBLE SUNSHINE  MM
  AVERAGE SKY COVER 1.0


WEATHER CONDITIONS
 THE FOLLOWING WEATHER WAS RECORDED TODAY.
  LIGHT RAIN
  FOG


RELATIVE HUMIDITY (PERCENT)
 HIGHEST    93           100 AM
 LOWEST     67           300 PM
 AVERAGE    80

..........................................................


THE HATTIESBURG CLIMATE NORMALS FOR TOMORROW
                         NORMAL    RECORD    YEAR
 MAXIMUM TEMPERATURE (F)   79        91      2006
 MINIMUM TEMPERATURE (F)   53        37      2001


SUNRISE AND SUNSET
APRIL 18 2015.........SUNRISE   626 AM CDT   SUNSET   727 PM CDT
APRIL 19 2015.........SUNRISE   625 AM CDT   SUNSET   728 PM CDT


-  INDICATES NEGATIVE NUMBERS.
R  INDICATES RECORD WAS SET OR TIED.
MM INDICATES DATA IS MISSING.
T  INDICATES TRACE AMOUNT.




$$
